CRAN Package Check Results for Package BACCT

Last updated on 2024-05-25 06:56:50 CEST.

Flavor Version Tinstall Tcheck Ttotal Status Flags
r-devel-linux-x86_64-debian-clang 1.0 5.99 53.06 59.05 NOTE
r-devel-linux-x86_64-debian-gcc 1.0 5.00 39.10 44.10 NOTE
r-devel-linux-x86_64-fedora-clang 1.0 74.01 NOTE
r-devel-linux-x86_64-fedora-gcc 1.0 69.54 NOTE
r-devel-windows-x86_64 1.0 7.00 59.00 66.00 NOTE
r-patched-linux-x86_64 1.0 4.73 49.73 54.46 NOTE
r-release-linux-x86_64 1.0 4.15 49.50 53.65 NOTE
r-release-macos-arm64 1.0 25.00 NOTE
r-release-windows-x86_64 1.0 7.00 59.00 66.00 NOTE
r-oldrel-macos-arm64 1.0 26.00 NOTE
r-oldrel-macos-x86_64 1.0 37.00 NOTE
r-oldrel-windows-x86_64 1.0 8.00 65.00 73.00 NOTE

Check Details

Version: 1.0
Check: LazyData
Result: NOTE 'LazyData' is specified without a 'data' directory Flavors: r-devel-linux-x86_64-debian-clang, r-devel-linux-x86_64-debian-gcc, r-devel-linux-x86_64-fedora-clang, r-devel-linux-x86_64-fedora-gcc, r-devel-windows-x86_64, r-patched-linux-x86_64, r-release-linux-x86_64, r-release-macos-arm64, r-release-windows-x86_64, r-oldrel-macos-arm64, r-oldrel-macos-x86_64, r-oldrel-windows-x86_64