CRAN Package Check Results for Package BACprior

Last updated on 2020-09-28 04:47:27 CEST.

Flavor Version Tinstall Tcheck Ttotal Status Flags
r-devel-linux-x86_64-debian-clang 2.0 1.86 30.33 32.19 NOTE
r-devel-linux-x86_64-debian-gcc 2.0 1.64 23.04 24.68 NOTE
r-devel-linux-x86_64-fedora-clang 2.0 48.85 NOTE
r-devel-linux-x86_64-fedora-gcc 2.0 44.96 NOTE
r-devel-windows-ix86+x86_64 2.0 5.00 48.00 53.00 NOTE
r-patched-linux-x86_64 2.0 1.96 29.55 31.51 NOTE
r-patched-solaris-x86 2.0 58.50 NOTE
r-release-linux-x86_64 2.0 2.22 29.88 32.10 NOTE
r-release-macos-x86_64 2.0 NOTE
r-release-windows-ix86+x86_64 2.0 17.00 45.00 62.00 NOTE
r-oldrel-macos-x86_64 2.0 NOTE
r-oldrel-windows-ix86+x86_64 2.0 4.00 51.00 55.00 NOTE

Check Details

Version: 2.0
Check: R code for possible problems
Result: NOTE
    BACprior.CV: no visible global function definition for 'na.fail'
    BACprior.CV: no visible global function definition for 'abline'
    BACprior.boot: no visible global function definition for 'na.fail'
    BACprior.boot: no visible global function definition for 'abline'
    BACprior.lm: no visible global function definition for 'na.fail'
    BACprior.lm: no visible global function definition for 'coef'
    BACprior.lm: no visible global function definition for 'vcov'
    Undefined global functions or variables:
     abline coef na.fail vcov
    Consider adding
     importFrom("graphics", "abline")
     importFrom("stats", "coef", "na.fail", "vcov")
    to your NAMESPACE file.
Flavors: r-devel-linux-x86_64-debian-clang, r-devel-linux-x86_64-debian-gcc, r-devel-linux-x86_64-fedora-clang, r-devel-linux-x86_64-fedora-gcc, r-devel-windows-ix86+x86_64, r-patched-linux-x86_64, r-patched-solaris-x86, r-release-linux-x86_64, r-release-macos-x86_64, r-release-windows-ix86+x86_64

Version: 2.0
Check: R code for possible problems
Result: NOTE
    BACprior.CV: no visible global function definition for ‘na.fail’
    BACprior.CV: no visible global function definition for ‘plot’
    BACprior.CV: no visible global function definition for ‘abline’
    BACprior.boot: no visible global function definition for ‘na.fail’
    BACprior.boot: no visible global function definition for ‘plot’
    BACprior.boot: no visible global function definition for ‘abline’
    BACprior.lm: no visible global function definition for ‘na.fail’
    BACprior.lm: no visible global function definition for ‘coef’
    BACprior.lm: no visible global function definition for ‘vcov’
    Undefined global functions or variables:
     abline coef na.fail plot vcov
    Consider adding
     importFrom("graphics", "abline", "plot")
     importFrom("stats", "coef", "na.fail", "vcov")
    to your NAMESPACE file.
Flavors: r-oldrel-macos-x86_64, r-oldrel-windows-ix86+x86_64