CRAN Package Check Results for Package BASS

Last updated on 2019-03-26 07:48:38 CET.

Flavor Version Tinstall Tcheck Ttotal Status Flags
r-devel-linux-x86_64-debian-clang 0.2.2 11.61 38.13 49.74 OK --no-vignettes
r-devel-linux-x86_64-debian-gcc 0.2.2 8.82 29.10 37.92 OK --no-vignettes
r-devel-linux-x86_64-fedora-clang 0.2.2 68.07 OK --no-vignettes
r-devel-linux-x86_64-fedora-gcc 0.2.2 57.60 OK --no-vignettes
r-devel-windows-ix86+x86_64 0.2.2 36.00 74.00 110.00 OK --no-vignettes
r-patched-linux-x86_64 0.2.2 9.43 35.92 45.35 OK --no-vignettes
r-patched-solaris-x86 0.2.2 1951.50 WARN
r-release-linux-x86_64 0.2.2 9.70 36.01 45.71 OK --no-vignettes
r-release-windows-ix86+x86_64 0.2.2 31.00 62.00 93.00 OK --no-vignettes
r-release-osx-x86_64 0.2.2 FAIL
r-oldrel-windows-ix86+x86_64 0.2.2 19.00 55.00 74.00 OK --no-vignettes
r-oldrel-osx-x86_64 0.2.2 FAIL

Check Details

Version: 0.2.2
Check: re-building of vignette outputs
Result: WARN
    Error in re-building vignettes:
     ...
    Warning in block_exec(params) :
     Failed to tidy R code in chunk 'unnamed-chunk-8'. Reason:
    Error in loadNamespace(name) : there is no package called 'formatR'
Flavor: r-patched-solaris-x86

Version: 0.2.2
Check: re-building of vignette outputs
Result: WARN
    Error in re-building vignettes:
     ...
    
    Execution halted
Flavor: r-release-osx-x86_64

Version: 0.2.2
Check: PDF version of manual
Result: FAIL
    
Flavors: r-release-osx-x86_64, r-oldrel-osx-x86_64

Version: 0.2.2
Check: re-building of vignette outputs
Result: WARN
    Error in re-building vignettes:
     ...
    Warning: running command 'kpsewhich framed.sty' had status 1
    Warning in test_latex_pkg("framed", system.file("misc", "framed.sty", package = "knitr")) :
     unable to find LaTeX package 'framed'; will use a copy from knitr
    
    Execution halted
Flavor: r-oldrel-osx-x86_64