CRAN Package Check Results for Package BASS

Last updated on 2019-05-19 12:46:18 CEST.

Flavor Version Tinstall Tcheck Ttotal Status Flags
r-devel-linux-x86_64-debian-clang 0.2.2 10.93 37.68 48.61 OK --no-vignettes
r-devel-linux-x86_64-debian-gcc 0.2.2 9.04 29.25 38.29 OK --no-vignettes
r-devel-linux-x86_64-fedora-clang 0.2.2 60.68 OK --no-vignettes
r-devel-linux-x86_64-fedora-gcc 0.2.2 56.93 OK --no-vignettes
r-devel-windows-ix86+x86_64 0.2.2 34.00 48.00 82.00 OK --no-vignettes
r-patched-linux-x86_64 0.2.2 10.28 37.71 47.99 OK --no-vignettes
r-patched-solaris-x86 0.2.2 1927.90 WARN
r-release-linux-x86_64 0.2.2 10.72 38.92 49.64 OK --no-vignettes
r-release-windows-ix86+x86_64 0.2.2 33.00 61.00 94.00 OK --no-vignettes
r-release-osx-x86_64 0.2.2 FAIL
r-oldrel-windows-ix86+x86_64 0.2.2 22.00 63.00 85.00 OK --no-vignettes
r-oldrel-osx-x86_64 0.2.2 FAIL

Check Details

Version: 0.2.2
Check: re-building of vignette outputs
Result: WARN
    Error(s) in re-building vignettes:
     ...
    --- re-building ‘article2-vignette.Rnw’ using knitr
    Warning in block_exec(params) :
     Failed to tidy R code in chunk 'unnamed-chunk-8'. Reason:
    Error in loadNamespace(name) : there is no package called 'formatR'
Flavor: r-patched-solaris-x86

Version: 0.2.2
Check: re-building of vignette outputs
Result: WARN
    Error(s) in re-building vignettes:
     ...
    --- re-building ‘article2-vignette.Rnw’ using knitr
    
    Execution halted
Flavor: r-release-osx-x86_64

Version: 0.2.2
Check: PDF version of manual
Result: FAIL
    
Flavors: r-release-osx-x86_64, r-oldrel-osx-x86_64

Version: 0.2.2
Check: re-building of vignette outputs
Result: WARN
    Error in re-building vignettes:
     ...
    
    Execution halted
Flavor: r-oldrel-osx-x86_64