CRAN Package Check Results for Package BASiNET

Last updated on 2020-03-30 19:49:15 CEST.

Flavor Version Tinstall Tcheck Ttotal Status Flags
r-devel-linux-x86_64-debian-clang 0.0.4 19.99 189.83 209.82 OK
r-devel-linux-x86_64-debian-gcc 0.0.4 15.82 145.21 161.03 OK
r-devel-linux-x86_64-fedora-clang 0.0.4 252.73 OK
r-devel-linux-x86_64-fedora-gcc 0.0.4 260.12 OK
r-devel-windows-ix86+x86_64 0.0.4 7.00 6.00 13.00 ERROR
r-devel-windows-ix86+x86_64-gcc8 0.0.4 4.00 6.00 10.00 ERROR
r-patched-linux-x86_64 0.0.4 19.67 183.84 203.51 OK
r-release-linux-x86_64 0.0.4 16.04 170.78 186.82 OK
r-release-windows-ix86+x86_64 0.0.4 45.00 195.00 240.00 OK
r-release-osx-x86_64 0.0.4 OK
r-oldrel-windows-ix86+x86_64 0.0.4 29.00 202.00 231.00 OK
r-oldrel-osx-x86_64 0.0.4 OK

Check Details

Version: 0.0.4
Check: whether package can be installed
Result: ERROR
    Installation failed.
Flavors: r-devel-windows-ix86+x86_64, r-devel-windows-ix86+x86_64-gcc8