CRAN Package Check Results for Package BAwiR

Last updated on 2019-07-22 13:46:51 CEST.

Flavor Version Tinstall Tcheck Ttotal Status Flags
r-devel-linux-x86_64-debian-clang 1.2 13.48 108.51 121.99 OK
r-devel-linux-x86_64-debian-gcc 1.2 12.26 84.95 97.21 OK
r-devel-linux-x86_64-fedora-clang 1.2 151.29 OK
r-devel-linux-x86_64-fedora-gcc 1.2 138.07 OK
r-devel-windows-ix86+x86_64 1.2 41.00 143.00 184.00 OK
r-patched-linux-x86_64 1.2 14.52 107.54 122.06 OK
r-patched-solaris-x86 1.2 231.80 OK
r-release-linux-x86_64 1.2 14.03 105.41 119.44 OK
r-release-windows-ix86+x86_64 1.2 32.00 131.00 163.00 OK
r-release-osx-x86_64 1.2 WARN
r-oldrel-windows-ix86+x86_64 1.2 30.00 215.00 245.00 OK
r-oldrel-osx-x86_64 1.2 OK

Check Details

Version: 1.2
Check: whether package can be installed
Result: WARN
    Found the following significant warnings:
     Warning: 'rgl_init' failed, running with rgl.useNULL = TRUE
Flavor: r-release-osx-x86_64