CRAN Package Check Results for Package BBMM

Last updated on 2020-07-03 16:50:06 CEST.

Flavor Version Tinstall Tcheck Ttotal Status Flags
r-devel-linux-x86_64-debian-clang 3.0 2.13 25.80 27.93 NOTE
r-devel-linux-x86_64-debian-gcc 3.0 1.52 19.97 21.49 NOTE
r-devel-linux-x86_64-fedora-clang 3.0 42.40 NOTE
r-devel-linux-x86_64-fedora-gcc 3.0 33.96 NOTE
r-devel-windows-ix86+x86_64 3.0 8.00 47.00 55.00 NOTE
r-patched-linux-x86_64 3.0 1.92 25.30 27.22 NOTE
r-patched-solaris-x86 3.0 62.10 NOTE
r-release-linux-x86_64 3.0 2.19 25.47 27.66 NOTE
r-release-osx-x86_64 3.0 NOTE
r-release-windows-ix86+x86_64 3.0 5.00 33.00 38.00 NOTE
r-oldrel-osx-x86_64 3.0 NOTE
r-oldrel-windows-ix86+x86_64 3.0 4.00 49.00 53.00 NOTE

Check Details

Version: 3.0
Check: R code for possible problems
Result: NOTE
    bbmm.contour: no visible global function definition for 'na.omit'
    bbmm.contour: no visible global function definition for 'optimize'
    bbmm.contour: no visible global function definition for 'contour'
    bbmm.contour: no visible global function definition for 'points'
    bbmm.contour: no visible global function definition for 'lines'
    brownian.bridge: no visible global function definition for 'sd'
    brownian.motion.variance: no visible global function definition for
     'optimize'
    Undefined global functions or variables:
     contour lines na.omit optimize points sd
    Consider adding
     importFrom("graphics", "contour", "lines", "points")
     importFrom("stats", "na.omit", "optimize", "sd")
    to your NAMESPACE file.
Flavors: r-devel-linux-x86_64-debian-clang, r-devel-linux-x86_64-debian-gcc, r-devel-linux-x86_64-fedora-clang, r-devel-linux-x86_64-fedora-gcc, r-devel-windows-ix86+x86_64, r-patched-linux-x86_64, r-patched-solaris-x86, r-release-linux-x86_64, r-release-osx-x86_64, r-release-windows-ix86+x86_64, r-oldrel-osx-x86_64, r-oldrel-windows-ix86+x86_64