CRAN Package Check Results for Package BBRecapture

Last updated on 2021-10-28 19:51:52 CEST.

Flavor Version Tinstall Tcheck Ttotal Status Flags
r-devel-linux-x86_64-debian-clang 0.2 10.58 79.40 89.98 OK
r-devel-linux-x86_64-debian-gcc 0.2 9.25 62.65 71.90 OK
r-devel-linux-x86_64-fedora-clang 0.2 120.76 NOTE
r-devel-linux-x86_64-fedora-gcc 0.2 107.58 NOTE
r-devel-windows-x86_64 0.2 17.00 102.00 119.00 OK
r-devel-windows-x86_64-gcc10-UCRT 0.2 NOTE
r-patched-linux-x86_64 0.2 10.76 76.26 87.02 OK
r-patched-solaris-x86 0.2 143.50 NOTE
r-release-linux-x86_64 0.2 9.39 77.18 86.57 OK
r-release-macos-arm64 0.2 NOTE
r-release-macos-x86_64 0.2 NOTE
r-release-windows-ix86+x86_64 0.2 18.00 91.00 109.00 OK
r-oldrel-macos-x86_64 0.2 NOTE
r-oldrel-windows-ix86+x86_64 0.2 16.00 91.00 107.00 OK

Check Details

Version: 0.2
Check: dependencies in R code
Result: NOTE
    Namespaces in Imports field not imported from:
     ‘locfit’ ‘secr’
     All declared Imports should be used.
Flavors: r-devel-linux-x86_64-fedora-clang, r-devel-linux-x86_64-fedora-gcc, r-devel-windows-x86_64-gcc10-UCRT, r-patched-solaris-x86, r-release-macos-arm64, r-release-macos-x86_64, r-oldrel-macos-x86_64