CRAN Package Check Results for Package BCBCSF

Last updated on 2022-08-17 06:51:11 CEST.

Flavor Version Tinstall Tcheck Ttotal Status Flags
r-devel-linux-x86_64-debian-clang 1.0-1 3.56 42.73 46.29 NOTE
r-devel-linux-x86_64-debian-gcc 1.0-1 NOTE
r-devel-linux-x86_64-fedora-clang 1.0-1 65.10 NOTE
r-devel-linux-x86_64-fedora-gcc 1.0-1 65.27 NOTE
r-devel-windows-x86_64 1.0-1 15.00 67.00 82.00 OK
r-patched-linux-x86_64 1.0-1 3.14 40.76 43.90 NOTE
r-release-linux-x86_64 1.0-1 2.92 40.64 43.56 NOTE
r-release-macos-arm64 1.0-1 26.00 OK
r-release-macos-x86_64 1.0-1 32.00 OK
r-release-windows-x86_64 1.0-1 10.00 66.00 76.00 OK
r-oldrel-macos-arm64 1.0-1 36.00 OK
r-oldrel-macos-x86_64 1.0-1 42.00 OK
r-oldrel-windows-ix86+x86_64 1.0-1 9.00 85.00 94.00 OK

Check Details

Version: 1.0-1
Check: for non-standard things in the check directory
Result: NOTE
    Found the following files/directories:
     '.fitbcbcsf_alpha1_mu_3_n_31_p_4026_nfsel_20_biascor_1.RData'
     '.fitbcbcsf_alpha1_mu_3_n_31_p_4026_nfsel_50_biascor_1.RData'
     '.fitbcbcsf_alpha1_mu_3_n_53_p_4026_nfsel_20_biascor_1.RData'
     '.fitbcbcsf_alpha1_mu_3_n_53_p_4026_nfsel_50_biascor_1.RData'
Flavors: r-devel-linux-x86_64-debian-clang, r-devel-linux-x86_64-debian-gcc, r-devel-linux-x86_64-fedora-clang, r-devel-linux-x86_64-fedora-gcc, r-patched-linux-x86_64, r-release-linux-x86_64

Version: 1.0-1
Check: compiled code
Result: NOTE
    File ‘BCBCSF/libs/BCBCSF.so’:
     Found no calls to: ‘R_registerRoutines’, ‘R_useDynamicSymbols’
    
    It is good practice to register native routines and to disable symbol
    search.
    
    See ‘Writing portable packages’ in the ‘Writing R Extensions’ manual.
Flavors: r-devel-linux-x86_64-fedora-clang, r-devel-linux-x86_64-fedora-gcc