CRAN Package Check Results for Package BCC1997

Last updated on 2024-03-03 06:56:09 CET.

Flavor Version Tinstall Tcheck Ttotal Status Flags
r-devel-linux-x86_64-debian-clang 0.1.1 2.19 20.94 23.13 NOTE
r-devel-linux-x86_64-debian-gcc 0.1.1 1.71 16.08 17.79 NOTE
r-devel-linux-x86_64-fedora-clang 0.1.1 28.51 NOTE
r-devel-linux-x86_64-fedora-gcc 0.1.1 27.15 NOTE
r-devel-windows-x86_64 0.1.1 3.00 38.00 41.00 NOTE
r-patched-linux-x86_64 0.1.1 2.48 20.06 22.54 NOTE
r-release-linux-x86_64 0.1.1 2.09 20.55 22.64 NOTE
r-release-macos-arm64 0.1.1 16.00 NOTE
r-release-macos-x86_64 0.1.1 19.00 NOTE
r-release-windows-x86_64 0.1.1 2.00 36.00 38.00 NOTE
r-oldrel-macos-arm64 0.1.1 18.00 NOTE
r-oldrel-windows-x86_64 0.1.1 4.00 43.00 47.00 NOTE

Check Details

Version: 0.1.1
Check: LazyData
Result: NOTE 'LazyData' is specified without a 'data' directory Flavors: r-devel-linux-x86_64-debian-clang, r-devel-linux-x86_64-debian-gcc, r-devel-linux-x86_64-fedora-clang, r-devel-linux-x86_64-fedora-gcc, r-devel-windows-x86_64, r-patched-linux-x86_64, r-release-linux-x86_64, r-release-macos-arm64, r-release-macos-x86_64, r-release-windows-x86_64, r-oldrel-macos-arm64, r-oldrel-windows-x86_64