CRAN Package Check Results for Package BCEA

Last updated on 2020-02-28 00:47:48 CET.

Flavor Version Tinstall Tcheck Ttotal Status Flags
r-devel-linux-x86_64-debian-clang 2.3-1.1 9.50 85.73 95.23 NOTE
r-devel-linux-x86_64-debian-gcc 2.3-1.1 7.45 61.78 69.23 NOTE
r-devel-linux-x86_64-fedora-clang 2.3-1.1 119.61 OK
r-devel-linux-x86_64-fedora-gcc 2.3-1.1 107.09 OK
r-devel-windows-ix86+x86_64 2.3-1.1 12.00 84.00 96.00 OK
r-devel-windows-ix86+x86_64-gcc8 2.3-1.1 13.00 90.00 103.00 OK
r-patched-linux-x86_64 2.3-1.1 8.72 73.27 81.99 NOTE
r-patched-solaris-x86 2.3-1.1 138.70 NOTE
r-release-linux-x86_64 2.3-1.1 8.87 73.38 82.25 NOTE
r-release-windows-ix86+x86_64 2.3-1.1 12.00 74.00 86.00 OK
r-release-osx-x86_64 2.3-1.1 NOTE
r-oldrel-windows-ix86+x86_64 2.3-1.1 9.00 74.00 83.00 OK
r-oldrel-osx-x86_64 2.3-1.1 NOTE

Check Details

Version: 2.3-1.1
Check: package dependencies
Result: NOTE
    Package suggested but not available for checking: 'INLA'
Flavors: r-devel-linux-x86_64-debian-clang, r-devel-linux-x86_64-debian-gcc, r-patched-linux-x86_64, r-patched-solaris-x86, r-release-linux-x86_64, r-release-osx-x86_64, r-oldrel-osx-x86_64