Last updated on 2023-06-08 06:57:07 CEST.
Flavor | Version | Tinstall | Tcheck | Ttotal | Status | Flags |
---|---|---|---|---|---|---|
r-devel-linux-x86_64-debian-clang | 2.4.3 | 21.12 | 549.70 | 570.82 | NOTE | |
r-devel-linux-x86_64-debian-gcc | 2.4.4 | 19.07 | 412.81 | 431.88 | NOTE | |
r-devel-linux-x86_64-fedora-clang | 2.4.4 | 747.91 | OK | |||
r-devel-linux-x86_64-fedora-gcc | 2.4.4 | 715.36 | OK | |||
r-devel-windows-x86_64 | 2.4.4 | 20.00 | 420.00 | 440.00 | NOTE | |
r-patched-linux-x86_64 | 2.4.4 | 20.75 | 515.15 | 535.90 | NOTE | |
r-release-linux-x86_64 | 2.4.3 | 18.48 | 523.28 | 541.76 | NOTE | |
r-release-macos-arm64 | 2.4.4 | 181.00 | NOTE | |||
r-release-macos-x86_64 | 2.4.2 | 191.00 | NOTE | |||
r-release-windows-x86_64 | 2.4.4 | 19.00 | 410.00 | 429.00 | NOTE | |
r-oldrel-macos-arm64 | 2.4.4 | 214.00 | NOTE | |||
r-oldrel-macos-x86_64 | 2.4.4 | 286.00 | NOTE | |||
r-oldrel-windows-x86_64 | 2.4.4 | 22.00 | 435.00 | 457.00 | NOTE |
Version: 2.4.3
Check: package dependencies
Result: NOTE
Package suggested but not available for checking: ‘INLA’
Flavors: r-devel-linux-x86_64-debian-clang, r-release-linux-x86_64
Version: 2.4.4
Check: package dependencies
Result: NOTE
Package suggested but not available for checking: ‘INLA’
Flavors: r-devel-linux-x86_64-debian-gcc, r-devel-windows-x86_64, r-patched-linux-x86_64, r-release-macos-arm64, r-release-windows-x86_64, r-oldrel-macos-arm64, r-oldrel-macos-x86_64, r-oldrel-windows-x86_64
Version: 2.4.2
Check: package dependencies
Result: NOTE
Package suggested but not available for checking: ‘INLA’
Flavor: r-release-macos-x86_64