CRAN Package Check Results for Package BCEE

Last updated on 2018-10-17 09:48:53 CEST.

Flavor Version Tinstall Tcheck Ttotal Status Flags
r-devel-linux-x86_64-debian-clang 1.2 28.64 76.21 104.85 NOTE
r-devel-linux-x86_64-debian-gcc 1.2 26.03 59.10 85.13 NOTE
r-devel-linux-x86_64-fedora-clang 1.2 132.06 NOTE
r-devel-linux-x86_64-fedora-gcc 1.2 125.20 NOTE
r-devel-windows-ix86+x86_64 1.2 64.00 157.00 221.00 OK
r-patched-linux-x86_64 1.2 28.57 60.60 89.17 OK
r-patched-solaris-x86 1.2 148.50 OK
r-release-linux-x86_64 1.2 30.79 60.86 91.65 OK
r-release-windows-ix86+x86_64 1.2 73.00 137.00 210.00 OK
r-release-osx-x86_64 1.2 OK
r-oldrel-windows-ix86+x86_64 1.2 64.00 110.00 174.00 OK
r-oldrel-osx-x86_64 1.2 OK

Check Details

Version: 1.2
Check: use of SHLIB_OPENMP_*FLAGS in Makefiles
Result: NOTE
     src/Makevars: SHLIB_OPENMP_CXXFLAGS is included in PKG_CXXFLAGS but not in PKG_LIBS
     src/Makevars: SHLIB_OPENMP_CFLAGS is included in PKG_LIBS but not in PKG_CFLAGS
     src/Makevars.win: SHLIB_OPENMP_CXXFLAGS is included in PKG_CXXFLAGS but not in PKG_LIBS
     src/Makevars.win: SHLIB_OPENMP_CFLAGS is included in PKG_LIBS but not in PKG_CFLAGS
    Use of these macros is discussed in sect 1.2.1.1 of ‘Writing R
    Extensions’. The macros for different languages may differ so the
    matching macro must be used in PKG_CXXFLAGS (etc) and match that used
    in PKG_LIBS (except for F77: see the manual).
Flavors: r-devel-linux-x86_64-debian-clang, r-devel-linux-x86_64-debian-gcc, r-devel-linux-x86_64-fedora-clang, r-devel-linux-x86_64-fedora-gcc