CRAN Package Check Results for Package BCEE

Last updated on 2019-08-24 15:46:43 CEST.

Flavor Version Tinstall Tcheck Ttotal Status Flags
r-devel-linux-x86_64-debian-clang 1.2 31.47 64.14 95.61 NOTE
r-devel-linux-x86_64-debian-gcc 1.2 23.95 50.94 74.89 NOTE
r-devel-linux-x86_64-fedora-clang 1.2 128.29 NOTE
r-devel-linux-x86_64-fedora-gcc 1.2 122.94 NOTE
r-devel-windows-ix86+x86_64 1.2 51.00 95.00 146.00 OK
r-patched-linux-x86_64 1.2 30.19 62.67 92.86 NOTE
r-patched-solaris-x86 1.2 162.10 OK
r-release-linux-x86_64 1.2 25.94 62.78 88.72 NOTE
r-release-windows-ix86+x86_64 1.2 74.00 143.00 217.00 OK
r-release-osx-x86_64 1.2 OK
r-oldrel-windows-ix86+x86_64 1.2 68.00 145.00 213.00 OK
r-oldrel-osx-x86_64 1.2 OK

Check Details

Version: 1.2
Check: use of SHLIB_OPENMP_*FLAGS in Makefiles
Result: NOTE
     src/Makevars: SHLIB_OPENMP_CXXFLAGS is included in PKG_CXXFLAGS but not in PKG_LIBS
     src/Makevars: SHLIB_OPENMP_CFLAGS is included in PKG_LIBS but linking is by C++
     src/Makevars.win: SHLIB_OPENMP_CXXFLAGS is included in PKG_CXXFLAGS but not in PKG_LIBS
     src/Makevars.win: SHLIB_OPENMP_CFLAGS is included in PKG_LIBS but linking is by C++
    Use of these macros is discussed in sect 1.2.1.1 of 'Writing R
    Extensions'. The macros for different languages may differ so the
    matching macro must be used in PKG_CXXFLAGS (etc) and match that used
    in PKG_LIBS (except for Fortran: see the manual).
Flavors: r-devel-linux-x86_64-debian-clang, r-devel-linux-x86_64-debian-gcc, r-devel-linux-x86_64-fedora-clang, r-devel-linux-x86_64-fedora-gcc, r-patched-linux-x86_64, r-release-linux-x86_64