CRAN Package Check Results for Package BCEE

Last updated on 2020-01-21 09:48:45 CET.

Flavor Version Tinstall Tcheck Ttotal Status Flags
r-devel-linux-x86_64-debian-clang 1.2 38.03 72.02 110.05 NOTE
r-devel-linux-x86_64-debian-gcc 1.2 27.27 55.81 83.08 NOTE
r-devel-linux-x86_64-fedora-clang 1.2 138.23 NOTE
r-devel-linux-x86_64-fedora-gcc 1.2 133.86 NOTE
r-devel-windows-ix86+x86_64 1.2 94.00 149.00 243.00 OK
r-devel-windows-ix86+x86_64-gcc8 1.2 66.00 118.00 184.00 OK
r-patched-linux-x86_64 1.2 31.35 63.47 94.82 NOTE
r-patched-solaris-x86 1.2 163.10 OK
r-release-linux-x86_64 1.2 30.77 64.45 95.22 NOTE
r-release-windows-ix86+x86_64 1.2 67.00 99.00 166.00 OK
r-release-osx-x86_64 1.2 OK
r-oldrel-windows-ix86+x86_64 1.2 51.00 100.00 151.00 OK
r-oldrel-osx-x86_64 1.2 OK

Check Details

Version: 1.2
Check: use of SHLIB_OPENMP_*FLAGS in Makefiles
Result: NOTE
     src/Makevars: SHLIB_OPENMP_CXXFLAGS is included in PKG_CXXFLAGS but not in PKG_LIBS
     src/Makevars: SHLIB_OPENMP_CFLAGS is included in PKG_LIBS but linking is by C++
     src/Makevars.win: SHLIB_OPENMP_CXXFLAGS is included in PKG_CXXFLAGS but not in PKG_LIBS
     src/Makevars.win: SHLIB_OPENMP_CFLAGS is included in PKG_LIBS but linking is by C++
    Use of these macros is discussed in sect 1.2.1.1 of 'Writing R
    Extensions'. The macros for different languages may differ so the
    matching macro must be used in PKG_CXXFLAGS (etc) and match that used
    in PKG_LIBS (except for Fortran: see the manual).
Flavors: r-devel-linux-x86_64-debian-clang, r-devel-linux-x86_64-debian-gcc, r-devel-linux-x86_64-fedora-clang, r-devel-linux-x86_64-fedora-gcc, r-patched-linux-x86_64, r-release-linux-x86_64