CRAN Package Check Results for Package BCHM

Last updated on 2020-04-07 15:48:21 CEST.

Flavor Version Tinstall Tcheck Ttotal Status Flags
r-devel-linux-x86_64-debian-clang 0.99 3.27 51.27 54.54 OK
r-devel-linux-x86_64-debian-gcc 0.99 2.63 37.60 40.23 OK
r-devel-linux-x86_64-fedora-clang 0.99 63.36 NOTE
r-devel-linux-x86_64-fedora-gcc 0.99 63.37 NOTE
r-devel-windows-ix86+x86_64 0.99 11.00 80.00 91.00 OK
r-devel-windows-ix86+x86_64-gcc8 0.99 9.00 60.00 69.00 OK
r-patched-linux-x86_64 0.99 3.75 48.14 51.89 OK
r-patched-solaris-x86 0.99 119.70 NOTE
r-release-linux-x86_64 0.99 2.75 46.14 48.89 OK
r-release-windows-ix86+x86_64 0.99 6.00 82.00 88.00 OK
r-release-osx-x86_64 0.99 NOTE
r-oldrel-windows-ix86+x86_64 0.99 6.00 69.00 75.00 OK
r-oldrel-osx-x86_64 0.99 NOTE

Check Details

Version: 0.99
Check: dependencies in R code
Result: NOTE
    Namespaces in Imports field not imported from:
     ‘coda’ ‘knitr’ ‘plyr’
     All declared Imports should be used.
Flavors: r-devel-linux-x86_64-fedora-clang, r-devel-linux-x86_64-fedora-gcc, r-patched-solaris-x86, r-release-osx-x86_64, r-oldrel-osx-x86_64