Last updated on 2021-04-13 17:47:35 CEST.
Flavor | Version | Tinstall | Tcheck | Ttotal | Status | Flags |
---|---|---|---|---|---|---|
r-devel-linux-x86_64-debian-clang | 0.3.4 | 6.30 | 67.82 | 74.12 | NOTE | |
r-devel-linux-x86_64-debian-gcc | 0.3.4 | 5.13 | 50.89 | 56.02 | NOTE | |
r-devel-linux-x86_64-fedora-clang | 0.3.4 | 93.44 | OK | |||
r-devel-linux-x86_64-fedora-gcc | 0.3.4 | 87.59 | OK | |||
r-devel-windows-ix86+x86_64 | 0.3.4 | 15.00 | 85.00 | 100.00 | NOTE | |
r-devel-windows-x86_64-gcc10-UCRT | 0.3.4 | OK | ||||
r-patched-linux-x86_64 | 0.3.4 | 6.15 | 62.17 | 68.32 | NOTE | |
r-patched-solaris-x86 | 0.3.4 | 122.20 | OK | |||
r-release-linux-x86_64 | 0.3.4 | 5.60 | 61.75 | 67.35 | NOTE | |
r-release-macos-x86_64 | 0.3.4 | OK | ||||
r-release-windows-ix86+x86_64 | 0.3.4 | 23.00 | 84.00 | 107.00 | NOTE | |
r-oldrel-macos-x86_64 | 0.3.4 | OK | ||||
r-oldrel-windows-ix86+x86_64 | 0.3.4 | 10.00 | 60.00 | 70.00 | OK |
Version: 0.3.4
Check: package vignettes
Result: NOTE
Package vignette with placeholder title 'Vignette Title':
'vignette.Rmd'
Flavors: r-devel-linux-x86_64-debian-clang, r-devel-linux-x86_64-debian-gcc, r-devel-windows-ix86+x86_64, r-patched-linux-x86_64, r-release-linux-x86_64, r-release-windows-ix86+x86_64