Last updated on 2023-12-02 21:39:48 CET.
Flavor | Version | Tinstall | Tcheck | Ttotal | Status | Flags |
---|---|---|---|---|---|---|
r-devel-linux-x86_64-debian-clang | 0.1.3 | 13.71 | 96.93 | 110.64 | NOTE | |
r-devel-linux-x86_64-debian-gcc | 0.1.3 | 9.47 | 71.87 | 81.34 | NOTE | |
r-devel-linux-x86_64-fedora-clang | 0.1.3 | 138.03 | NOTE | |||
r-devel-linux-x86_64-fedora-gcc | 0.1.3 | 147.28 | NOTE | |||
r-devel-windows-x86_64 | 0.1.3 | 12.00 | 84.00 | 96.00 | NOTE | |
r-patched-linux-x86_64 | 0.1.3 | 14.78 | 95.23 | 110.01 | NOTE | |
r-release-linux-x86_64 | 0.1.3 | 11.84 | 93.03 | 104.87 | NOTE | |
r-release-macos-arm64 | 0.1.3 | 45.00 | NOTE | |||
r-release-macos-x86_64 | 0.1.3 | 79.00 | NOTE | |||
r-release-windows-x86_64 | 0.1.3 | 17.00 | 101.00 | 118.00 | NOTE | |
r-oldrel-macos-arm64 | 0.1.3 | 35.00 | NOTE | |||
r-oldrel-macos-x86_64 | 0.1.3 | 66.00 | NOTE | |||
r-oldrel-windows-x86_64 | 0.1.3 | 17.00 | 103.00 | 120.00 | NOTE |
Version: 0.1.3
Check: LazyData
Result: NOTE
'LazyData' is specified without a 'data' directory
Flavors: r-devel-linux-x86_64-debian-clang, r-devel-linux-x86_64-debian-gcc, r-devel-linux-x86_64-fedora-clang, r-devel-linux-x86_64-fedora-gcc, r-devel-windows-x86_64, r-patched-linux-x86_64, r-release-linux-x86_64, r-release-macos-arm64, r-release-macos-x86_64, r-release-windows-x86_64, r-oldrel-macos-arm64, r-oldrel-macos-x86_64, r-oldrel-windows-x86_64