CRAN Package Check Results for Package BDgraph

Last updated on 2019-09-19 12:47:23 CEST.

Flavor Version Tinstall Tcheck Ttotal Status Flags
r-devel-linux-x86_64-debian-clang 2.61 36.57 40.92 77.49 OK
r-devel-linux-x86_64-debian-gcc 2.61 37.50 32.76 70.26 OK
r-devel-linux-x86_64-fedora-clang 2.61 112.31 NOTE
r-devel-linux-x86_64-fedora-gcc 2.61 112.74 OK
r-devel-windows-ix86+x86_64 2.61 140.00 93.00 233.00 OK
r-patched-linux-x86_64 2.61 39.13 39.50 78.63 OK
r-patched-solaris-x86 2.61 130.50 OK
r-release-linux-x86_64 2.61 35.08 40.33 75.41 OK
r-release-windows-ix86+x86_64 2.61 74.00 100.00 174.00 OK
r-release-osx-x86_64 2.61 OK
r-oldrel-windows-ix86+x86_64 2.61 77.00 58.00 135.00 OK
r-oldrel-osx-x86_64 2.61 OK

Check Details

Version: 2.61
Check: installed package size
Result: NOTE
     installed size is 5.4Mb
     sub-directories of 1Mb or more:
     libs 4.1Mb
Flavor: r-devel-linux-x86_64-fedora-clang