CRAN Package Check Results for Package BDgraph

Last updated on 2022-10-05 08:51:40 CEST.

Flavor Version Tinstall Tcheck Ttotal Status Flags
r-devel-linux-x86_64-debian-clang 2.69 54.38 115.85 170.23 OK
r-devel-linux-x86_64-debian-gcc 2.69 55.63 145.63 201.26 OK
r-devel-linux-x86_64-fedora-clang 2.69 241.21 OK
r-devel-linux-x86_64-fedora-gcc 2.69 256.38 OK
r-devel-windows-x86_64 2.69 76.00 130.00 206.00 OK
r-patched-linux-x86_64 2.69 54.96 143.72 198.68 OK
r-release-linux-x86_64 2.69 47.69 124.90 172.59 OK
r-release-macos-arm64 2.69 58.00 NOTE
r-release-macos-x86_64 2.69 72.00 OK
r-release-windows-x86_64 2.69 67.00 142.00 209.00 OK
r-oldrel-macos-arm64 2.69 61.00 NOTE
r-oldrel-macos-x86_64 2.69 79.00 OK
r-oldrel-windows-ix86+x86_64 2.69 114.00 123.00 237.00 OK

Check Details

Version: 2.69
Check: installed package size
Result: NOTE
     installed size is 5.3Mb
     sub-directories of 1Mb or more:
     doc 1.0Mb
     libs 3.5Mb
Flavors: r-release-macos-arm64, r-oldrel-macos-arm64