CRAN Package Check Results for Package BEST

Last updated on 2017-10-18 19:48:02.

Flavor Version Tinstall Tcheck Ttotal Status Flags
r-devel-linux-x86_64-debian-clang 0.5.0 1.19 39.80 40.99 OK
r-devel-linux-x86_64-debian-gcc 0.5.0 0.98 35.87 36.86 OK
r-devel-linux-x86_64-fedora-clang 0.5.0 70.63 OK
r-devel-linux-x86_64-fedora-gcc 0.5.0 67.67 OK
r-devel-windows-ix86+x86_64 0.5.0 5.00 71.00 76.00 OK
r-patched-linux-x86_64 0.5.0 1.08 36.99 38.07 OK
r-patched-solaris-x86 0.5.0 129.00 OK
r-release-linux-x86_64 0.5.0 1.02 39.89 40.91 OK
r-release-windows-ix86+x86_64 0.5.0 7.00 71.00 78.00 OK
r-release-osx-x86_64 0.5.0 NOTE
r-oldrel-windows-ix86+x86_64 0.5.0 5.00 85.00 90.00 OK
r-oldrel-osx-x86_64 0.5.0 OK

Check Details

Version: 0.5.0
Check: re-building of vignette outputs
Result: NOTE
    Error in re-building vignettes:
     ...
    Loading required package: HDInterval
    Error in texi2dvi(file = file, pdf = TRUE, clean = clean, quiet = quiet, :
     Running 'texi2dvi' on 'BEST.tex' failed.
    LaTeX errors:
    ! LaTeX Error: File `placeins.sty' not found.
    
    Type X to quit or <RETURN> to proceed,
    or enter new name. (Default extension: sty)
    
    ! Emergency stop.
    <read *>
    
    l.10 \usepackage
     [usenames,dvipsnames,svgnames]{xcolor}^^M
    ! ==> Fatal error occurred, no output PDF file produced!
    Calls: buildVignettes -> texi2pdf -> texi2dvi
    Execution halted
Flavor: r-release-osx-x86_64