CRAN Package Check Results for Package BESTree

Last updated on 2020-04-02 19:48:19 CEST.

Flavor Version Tinstall Tcheck Ttotal Status Flags
r-devel-linux-x86_64-debian-clang 0.5.2 3.22 84.81 88.03 OK
r-devel-linux-x86_64-debian-gcc 0.5.2 2.38 60.55 62.93 OK
r-devel-linux-x86_64-fedora-clang 0.5.2 97.85 NOTE
r-devel-linux-x86_64-fedora-gcc 0.5.2 101.72 NOTE
r-devel-windows-ix86+x86_64 0.5.2 7.00 84.00 91.00 OK
r-devel-windows-ix86+x86_64-gcc8 0.5.2 7.00 88.00 95.00 OK
r-patched-linux-x86_64 0.5.2 2.77 80.10 82.87 OK
r-patched-solaris-x86 0.5.2 118.10 NOTE
r-release-linux-x86_64 0.5.2 2.04 75.69 77.73 OK
r-release-windows-ix86+x86_64 0.5.2 5.00 88.00 93.00 OK
r-release-osx-x86_64 0.5.2 NOTE
r-oldrel-windows-ix86+x86_64 0.5.2 5.00 96.00 101.00 OK
r-oldrel-osx-x86_64 0.5.2 NOTE

Check Details

Version: 0.5.2
Check: dependencies in R code
Result: NOTE
    Namespace in Imports field not imported from: ‘compiler’
     All declared Imports should be used.
Flavors: r-devel-linux-x86_64-fedora-clang, r-devel-linux-x86_64-fedora-gcc, r-patched-solaris-x86, r-release-osx-x86_64, r-oldrel-osx-x86_64