CRAN Package Check Results for Package BGSIMD

Last updated on 2021-04-17 19:49:37 CEST.

Flavor Version Tinstall Tcheck Ttotal Status Flags
r-devel-linux-x86_64-debian-clang 1.0 1.70 20.47 22.17 NOTE
r-devel-linux-x86_64-debian-gcc 1.0 1.37 16.46 17.83 NOTE
r-devel-linux-x86_64-fedora-clang 1.0 37.29 NOTE
r-devel-linux-x86_64-fedora-gcc 1.0 27.38 NOTE
r-devel-windows-ix86+x86_64 1.0 4.00 31.00 35.00 NOTE
r-devel-windows-x86_64-gcc10-UCRT 1.0 NOTE
r-patched-linux-x86_64 1.0 1.97 20.30 22.27 NOTE
r-patched-solaris-x86 1.0 42.20 NOTE
r-release-linux-x86_64 1.0 1.95 20.11 22.06 NOTE
r-release-macos-x86_64 1.0 NOTE
r-release-windows-ix86+x86_64 1.0 4.00 32.00 36.00 NOTE
r-oldrel-macos-x86_64 1.0 NOTE
r-oldrel-windows-ix86+x86_64 1.0 4.00 39.00 43.00 NOTE

Check Details

Version: 1.0
Check: R code for possible problems
Result: NOTE
    block.gibbs: no visible global function definition for 'rmultinom'
    rdirichlet: no visible global function definition for 'rgamma'
    Undefined global functions or variables:
     rgamma rmultinom
    Consider adding
     importFrom("stats", "rgamma", "rmultinom")
    to your NAMESPACE file.
Flavors: r-devel-linux-x86_64-debian-clang, r-devel-linux-x86_64-debian-gcc, r-devel-linux-x86_64-fedora-clang, r-devel-linux-x86_64-fedora-gcc, r-devel-windows-ix86+x86_64, r-devel-windows-x86_64-gcc10-UCRT, r-patched-linux-x86_64, r-patched-solaris-x86, r-release-linux-x86_64, r-release-macos-x86_64, r-release-windows-ix86+x86_64, r-oldrel-macos-x86_64, r-oldrel-windows-ix86+x86_64