CRAN Package Check Results for Package BGVAR

Last updated on 2022-11-27 11:55:43 CET.

Flavor Version Tinstall Tcheck Ttotal Status Flags
r-devel-linux-x86_64-debian-clang 2.5.2 123.22 313.97 437.19 NOTE
r-devel-linux-x86_64-debian-gcc 2.5.2 106.74 226.24 332.98 NOTE
r-devel-linux-x86_64-fedora-clang 2.5.2 612.26 NOTE
r-devel-linux-x86_64-fedora-gcc 2.5.2 573.52 NOTE
r-devel-windows-x86_64 2.5.2 107.00 366.00 473.00 NOTE
r-patched-linux-x86_64 2.5.2 112.84 292.10 404.94 NOTE
r-release-linux-x86_64 2.5.2 109.19 301.42 410.61 NOTE
r-release-macos-arm64 2.5.2 139.00 NOTE
r-release-macos-x86_64 2.5.2 179.00 NOTE
r-release-windows-x86_64 2.5.2 161.00 360.00 521.00 NOTE
r-oldrel-macos-arm64 2.5.2 134.00 NOTE
r-oldrel-macos-x86_64 2.5.2 182.00 NOTE
r-oldrel-windows-ix86+x86_64 2.5.2 290.00 445.00 735.00 NOTE

Check Details

Version: 2.5.2
Check: for GNU extensions in Makefiles
Result: NOTE
    GNU make is a SystemRequirements.
Flavors: r-devel-linux-x86_64-debian-clang, r-devel-linux-x86_64-debian-gcc, r-devel-linux-x86_64-fedora-clang, r-devel-linux-x86_64-fedora-gcc, r-devel-windows-x86_64, r-patched-linux-x86_64, r-release-linux-x86_64, r-release-macos-arm64, r-release-macos-x86_64, r-release-windows-x86_64, r-oldrel-macos-arm64, r-oldrel-macos-x86_64, r-oldrel-windows-ix86+x86_64

Version: 2.5.2
Check: data for non-ASCII characters
Result: NOTE
     Note: found 582 marked UTF-8 strings
Flavors: r-devel-linux-x86_64-fedora-clang, r-devel-linux-x86_64-fedora-gcc, r-release-macos-arm64, r-release-macos-x86_64, r-oldrel-macos-arm64, r-oldrel-macos-x86_64

Version: 2.5.2
Check: installed package size
Result: NOTE
     installed size is 5.6Mb
     sub-directories of 1Mb or more:
     doc 2.9Mb
     libs 1.3Mb
Flavors: r-devel-windows-x86_64, r-release-macos-arm64, r-release-macos-x86_64, r-release-windows-x86_64, r-oldrel-macos-arm64, r-oldrel-macos-x86_64, r-oldrel-windows-ix86+x86_64