Last updated on 2021-03-08 03:52:15 CET.
Flavor | Version | Tinstall | Tcheck | Ttotal | Status | Flags |
---|---|---|---|---|---|---|
r-devel-linux-x86_64-debian-clang | 2.1.5 | 120.01 | 260.66 | 380.67 | OK | |
r-devel-linux-x86_64-debian-gcc | 2.1.5 | 85.35 | 188.34 | 273.69 | OK | |
r-devel-linux-x86_64-fedora-clang | 2.1.5 | 471.87 | NOTE | |||
r-devel-linux-x86_64-fedora-gcc | 2.1.5 | 451.46 | OK | |||
r-devel-windows-ix86+x86_64 | 2.1.5 | 251.00 | 400.00 | 651.00 | NOTE | |
r-devel-windows-x86_64-gcc10-UCRT | 2.1.5 | OK | ||||
r-patched-linux-x86_64 | 2.1.5 | 100.48 | 243.78 | 344.26 | OK | |
r-patched-solaris-x86 | 2.1.5 | 534.90 | NOTE | |||
r-release-linux-x86_64 | 2.1.5 | 104.02 | 243.65 | 347.67 | OK | |
r-release-macos-x86_64 | 2.1.5 | NOTE | ||||
r-release-windows-ix86+x86_64 | 2.1.5 | 187.00 | 297.00 | 484.00 | NOTE | |
r-oldrel-macos-x86_64 | 2.1.5 | NOTE | ||||
r-oldrel-windows-ix86+x86_64 | 2.1.5 | 163.00 | 293.00 | 456.00 | NOTE |
Version: 2.1.5
Check: installed package size
Result: NOTE
installed size is 10.4Mb
sub-directories of 1Mb or more:
doc 3.3Mb
libs 5.7Mb
Flavors: r-devel-linux-x86_64-fedora-clang, r-devel-windows-ix86+x86_64, r-patched-solaris-x86, r-release-macos-x86_64, r-release-windows-ix86+x86_64, r-oldrel-macos-x86_64, r-oldrel-windows-ix86+x86_64