CRAN Package Check Results for Package BH

Last updated on 2018-10-17 22:51:26 CEST.

Flavor Version Tinstall Tcheck Ttotal Status Flags
r-devel-linux-x86_64-debian-clang 1.66.0-1 17.09 37.52 54.61 OK
r-devel-linux-x86_64-debian-gcc 1.66.0-1 12.22 30.92 43.14 OK
r-devel-linux-x86_64-fedora-clang 1.66.0-1 47.33 NOTE
r-devel-linux-x86_64-fedora-gcc 1.66.0-1 45.42 OK
r-devel-windows-ix86+x86_64 1.66.0-1 256.00 62.00 318.00 NOTE
r-patched-linux-x86_64 1.66.0-1 18.17 36.52 54.69 OK
r-patched-solaris-x86 1.66.0-1 158.00 NOTE
r-release-linux-x86_64 1.66.0-1 17.26 36.74 54.00 OK
r-release-windows-ix86+x86_64 1.66.0-1 287.00 62.00 349.00 NOTE
r-release-osx-x86_64 1.66.0-1 NOTE
r-oldrel-windows-ix86+x86_64 1.66.0-1 127.00 23.00 150.00 NOTE
r-oldrel-osx-x86_64 1.66.0-1 NOTE

Check Details

Version: 1.66.0-1
Check: installed package size
Result: NOTE
     installed size is 144.8Mb
     sub-directories of 1Mb or more:
     include 144.7Mb
Flavors: r-devel-linux-x86_64-fedora-clang, r-devel-windows-ix86+x86_64, r-patched-solaris-x86, r-release-windows-ix86+x86_64, r-release-osx-x86_64, r-oldrel-windows-ix86+x86_64, r-oldrel-osx-x86_64