CRAN Package Check Results for Package BH

Last updated on 2017-11-24 05:49:40 CET.

Flavor Version Tinstall Tcheck Ttotal Status Flags
r-devel-linux-x86_64-debian-clang 1.65.0-1 16.95 37.00 53.95 OK
r-devel-linux-x86_64-debian-gcc 1.65.0-1 14.00 44.67 58.67 OK
r-devel-linux-x86_64-fedora-clang 1.65.0-1 51.39 NOTE
r-devel-linux-x86_64-fedora-gcc 1.65.0-1 50.83 NOTE
r-devel-windows-ix86+x86_64 1.65.0-1 346.00 27.00 373.00 NOTE
r-patched-linux-x86_64 1.65.0-1 18.33 62.96 81.29 OK
r-patched-solaris-x86 1.65.0-1 148.50 NOTE
r-release-linux-x86_64 1.65.0-1 19.73 63.80 83.53 OK
r-release-windows-ix86+x86_64 1.65.0-1 117.00 25.00 142.00 NOTE
r-release-osx-x86_64 1.65.0-1 NOTE
r-oldrel-windows-ix86+x86_64 1.65.0-1 129.00 24.00 153.00 NOTE
r-oldrel-osx-x86_64 1.65.0-1 NOTE

Check Details

Version: 1.65.0-1
Check: installed package size
Result: NOTE
     installed size is 141.6Mb
     sub-directories of 1Mb or more:
     include 141.5Mb
Flavors: r-devel-linux-x86_64-fedora-clang, r-devel-linux-x86_64-fedora-gcc, r-devel-windows-ix86+x86_64, r-patched-solaris-x86, r-release-windows-ix86+x86_64, r-release-osx-x86_64, r-oldrel-windows-ix86+x86_64, r-oldrel-osx-x86_64