CRAN Package Check Results for Package BH

Last updated on 2019-01-22 17:50:03 CET.

Flavor Version Tinstall Tcheck Ttotal Status Flags
r-devel-linux-x86_64-debian-clang 1.69.0-1 20.10 44.74 64.84 OK
r-devel-linux-x86_64-debian-gcc 1.69.0-1 14.29 35.66 49.95 OK
r-devel-linux-x86_64-fedora-clang 1.69.0-1 54.92 NOTE
r-devel-linux-x86_64-fedora-gcc 1.69.0-1 55.90 OK
r-devel-windows-ix86+x86_64 1.69.0-1 306.00 83.00 389.00 NOTE
r-patched-linux-x86_64 1.69.0-1 18.01 37.73 55.74 OK
r-patched-solaris-x86 1.69.0-1 163.90 NOTE
r-release-linux-x86_64 1.69.0-1 19.34 37.81 57.15 OK
r-release-windows-ix86+x86_64 1.69.0-1 234.00 67.00 301.00 NOTE
r-release-osx-x86_64 1.69.0-1 NOTE
r-oldrel-windows-ix86+x86_64 1.69.0-1 231.00 35.00 266.00 NOTE
r-oldrel-osx-x86_64 1.66.0-1 NOTE

Check Details

Version: 1.69.0-1
Check: installed package size
Result: NOTE
     installed size is 153.5Mb
     sub-directories of 1Mb or more:
     include 153.4Mb
Flavors: r-devel-linux-x86_64-fedora-clang, r-devel-windows-ix86+x86_64, r-patched-solaris-x86, r-release-windows-ix86+x86_64, r-release-osx-x86_64, r-oldrel-windows-ix86+x86_64

Version: 1.66.0-1
Check: installed package size
Result: NOTE
     installed size is 141.1Mb
     sub-directories of 1Mb or more:
     include 141.0Mb
Flavor: r-oldrel-osx-x86_64