Last updated on 2023-03-24 06:50:31 CET.
Flavor | Version | Tinstall | Tcheck | Ttotal | Status | Flags |
---|---|---|---|---|---|---|
r-devel-linux-x86_64-debian-clang | 1.81.0-1 | 29.89 | 44.69 | 74.58 | OK | |
r-devel-linux-x86_64-debian-gcc | 1.81.0-1 | 21.56 | 35.02 | 56.58 | OK | |
r-devel-linux-x86_64-fedora-clang | 1.81.0-1 | 65.93 | NOTE | |||
r-devel-linux-x86_64-fedora-gcc | 1.81.0-1 | 68.20 | OK | |||
r-devel-windows-x86_64 | 1.81.0-1 | 2860.00 | 468.00 | 3328.00 | NOTE | |
r-patched-linux-x86_64 | 1.81.0-1 | 32.73 | 45.32 | 78.05 | OK | |
r-release-linux-x86_64 | 1.81.0-1 | 31.92 | 44.91 | 76.83 | OK | |
r-release-macos-arm64 | 1.81.0-1 | 52.00 | NOTE | |||
r-release-macos-x86_64 | 1.81.0-1 | 111.00 | NOTE | |||
r-release-windows-x86_64 | 1.81.0-1 | 509.00 | 259.00 | 768.00 | NOTE | |
r-oldrel-macos-arm64 | 1.81.0-1 | 51.00 | NOTE | |||
r-oldrel-macos-x86_64 | 1.81.0-1 | 110.00 | NOTE | |||
r-oldrel-windows-ix86+x86_64 | 1.81.0-1 | 95.00 | 77.00 | 172.00 | NOTE |
Version: 1.81.0-1
Check: installed package size
Result: NOTE
installed size is 155.7Mb
sub-directories of 1Mb or more:
include 155.6Mb
Flavors: r-devel-linux-x86_64-fedora-clang, r-devel-windows-x86_64, r-release-macos-arm64, r-release-macos-x86_64, r-release-windows-x86_64, r-oldrel-macos-arm64, r-oldrel-macos-x86_64, r-oldrel-windows-ix86+x86_64