CRAN Package Check Results for Package BH

Last updated on 2018-02-20 19:48:07 CET.

Flavor Version Tinstall Tcheck Ttotal Status Flags
r-devel-linux-x86_64-debian-clang 1.66.0-1 18.86 33.37 52.23 OK
r-devel-linux-x86_64-debian-gcc 1.66.0-1 11.96 26.14 38.10 OK
r-devel-linux-x86_64-fedora-clang 1.66.0-1 60.87 NOTE
r-devel-linux-x86_64-fedora-gcc 1.66.0-1 62.32 NOTE
r-devel-windows-ix86+x86_64 1.66.0-1 157.00 95.00 252.00 NOTE
r-patched-linux-x86_64 1.66.0-1 22.62 25.82 48.44 OK
r-patched-solaris-x86 1.66.0-1 151.00 NOTE
r-release-linux-x86_64 1.66.0-1 20.82 26.02 46.84 OK
r-release-windows-ix86+x86_64 1.66.0-1 127.00 23.00 150.00 NOTE
r-release-osx-x86_64 1.66.0-1 NOTE
r-oldrel-windows-ix86+x86_64 1.66.0-1 139.00 28.00 167.00 NOTE
r-oldrel-osx-x86_64 1.65.0-1 NOTE

Check Details

Version: 1.66.0-1
Check: installed package size
Result: NOTE
     installed size is 144.8Mb
     sub-directories of 1Mb or more:
     include 144.7Mb
Flavors: r-devel-linux-x86_64-fedora-clang, r-devel-linux-x86_64-fedora-gcc, r-devel-windows-ix86+x86_64, r-patched-solaris-x86, r-release-windows-ix86+x86_64, r-release-osx-x86_64, r-oldrel-windows-ix86+x86_64

Version: 1.65.0-1
Check: installed package size
Result: NOTE
     installed size is 137.8Mb
     sub-directories of 1Mb or more:
     include 137.8Mb
Flavor: r-oldrel-osx-x86_64