CRAN Package Check Results for Package BH

Last updated on 2022-08-14 13:50:56 CEST.

Flavor Version Tinstall Tcheck Ttotal Status Flags
r-devel-linux-x86_64-debian-clang 1.78.0-0 32.84 47.17 80.01 OK
r-devel-linux-x86_64-debian-gcc 1.78.0-0 18.72 36.59 55.31 OK
r-devel-linux-x86_64-fedora-clang 1.78.0-0 74.99 NOTE
r-devel-linux-x86_64-fedora-gcc 1.78.0-0 74.88 OK
r-devel-windows-x86_64 1.78.0-0 4689.00 341.00 5030.00 NOTE
r-patched-linux-x86_64 1.78.0-0 28.52 45.66 74.18 OK
r-release-linux-x86_64 1.78.0-0 28.15 45.87 74.02 OK
r-release-macos-arm64 1.78.0-0 60.00 NOTE
r-release-macos-x86_64 1.78.0-0 92.00 NOTE
r-release-windows-x86_64 1.78.0-0 599.00 257.00 856.00 NOTE
r-oldrel-macos-arm64 1.78.0-0 48.00 NOTE
r-oldrel-macos-x86_64 1.78.0-0 116.00 NOTE
r-oldrel-windows-ix86+x86_64 1.78.0-0 128.00 56.00 184.00 NOTE

Check Details

Version: 1.78.0-0
Check: installed package size
Result: NOTE
     installed size is 150.7Mb
     sub-directories of 1Mb or more:
     include 150.6Mb
Flavors: r-devel-linux-x86_64-fedora-clang, r-devel-windows-x86_64, r-release-macos-arm64, r-release-macos-x86_64, r-release-windows-x86_64, r-oldrel-macos-arm64, r-oldrel-macos-x86_64, r-oldrel-windows-ix86+x86_64