CRAN Package Check Results for Package BH

Last updated on 2018-05-24 01:46:15 CEST.

Flavor Version Tinstall Tcheck Ttotal Status Flags
r-devel-linux-x86_64-debian-clang 1.66.0-1 18.83 31.07 49.90 OK
r-devel-linux-x86_64-debian-gcc 1.66.0-1 11.91 27.03 38.94 OK
r-devel-linux-x86_64-fedora-clang 1.66.0-1 61.96 NOTE
r-devel-linux-x86_64-fedora-gcc 1.66.0-1 64.47 NOTE
r-devel-windows-ix86+x86_64 1.66.0-1 289.00 43.00 332.00 NOTE
r-patched-linux-x86_64 1.66.0-1 16.69 33.92 50.61 OK
r-patched-solaris-x86 1.66.0-1 157.40 NOTE
r-release-linux-x86_64 1.66.0-1 17.23 33.96 51.19 OK
r-release-windows-ix86+x86_64 1.66.0-1 287.00 62.00 349.00 NOTE
r-release-osx-x86_64 1.66.0-1 NOTE
r-oldrel-windows-ix86+x86_64 1.66.0-1 127.00 23.00 150.00 NOTE
r-oldrel-osx-x86_64 1.66.0-1 NOTE

Check Details

Version: 1.66.0-1
Check: installed package size
Result: NOTE
     installed size is 144.8Mb
     sub-directories of 1Mb or more:
     include 144.7Mb
Flavors: r-devel-linux-x86_64-fedora-clang, r-devel-linux-x86_64-fedora-gcc, r-devel-windows-ix86+x86_64, r-patched-solaris-x86, r-release-windows-ix86+x86_64, r-release-osx-x86_64, r-oldrel-windows-ix86+x86_64, r-oldrel-osx-x86_64