CRAN Package Check Results for Package BH

Last updated on 2018-08-18 07:48:08 CEST.

Flavor Version Tinstall Tcheck Ttotal Status Flags
r-devel-linux-x86_64-debian-clang 1.66.0-1 20.12 37.79 57.91 OK
r-devel-linux-x86_64-debian-gcc 1.66.0-1 11.62 30.59 42.21 OK
r-devel-linux-x86_64-fedora-clang 1.66.0-1 45.69 NOTE
r-devel-linux-x86_64-fedora-gcc 1.66.0-1 45.42 OK
r-devel-windows-ix86+x86_64 1.66.0-1 242.00 62.00 304.00 NOTE
r-patched-linux-x86_64 1.66.0-1 15.70 36.49 52.19 OK
r-patched-solaris-x86 1.66.0-1 158.20 NOTE
r-release-linux-x86_64 1.66.0-1 18.50 36.67 55.17 OK
r-release-windows-ix86+x86_64 1.66.0-1 287.00 62.00 349.00 NOTE
r-release-osx-x86_64 1.66.0-1 NOTE
r-oldrel-windows-ix86+x86_64 1.66.0-1 127.00 23.00 150.00 NOTE
r-oldrel-osx-x86_64 1.66.0-1 NOTE

Check Details

Version: 1.66.0-1
Check: installed package size
Result: NOTE
     installed size is 144.8Mb
     sub-directories of 1Mb or more:
     include 144.7Mb
Flavors: r-devel-linux-x86_64-fedora-clang, r-devel-windows-ix86+x86_64, r-patched-solaris-x86, r-release-windows-ix86+x86_64, r-release-osx-x86_64, r-oldrel-windows-ix86+x86_64, r-oldrel-osx-x86_64