CRAN Package Check Results for Package BHH2

Last updated on 2023-09-22 09:55:50 CEST.

Flavor Version Tinstall Tcheck Ttotal Status Flags
r-devel-linux-x86_64-debian-clang 2016.05.31 2.47 38.77 41.24 NOTE
r-devel-linux-x86_64-debian-gcc 2016.05.31 2.29 29.62 31.91 NOTE
r-devel-linux-x86_64-fedora-clang 2016.05.31 53.58 NOTE
r-devel-linux-x86_64-fedora-gcc 2016.05.31 68.36 NOTE
r-devel-windows-x86_64 2016.05.31 4.00 70.00 74.00 NOTE
r-patched-linux-x86_64 2016.05.31 2.85 37.15 40.00 NOTE
r-release-linux-x86_64 2016.05.31 2.59 37.13 39.72 NOTE
r-release-macos-arm64 2016.05.31 32.00 NOTE
r-release-macos-x86_64 2016.05.31 41.00 NOTE
r-release-windows-x86_64 2016.05.31 4.00 71.00 75.00 NOTE
r-oldrel-macos-arm64 2016.05.31 24.00 OK
r-oldrel-macos-x86_64 2016.05.31 31.00 OK
r-oldrel-windows-x86_64 2016.05.31 5.00 68.00 73.00 OK

Check Details

Version: 2016.05.31
Check: Rd files
Result: NOTE
    checkRd: (-1) dotPlot.Rd:56: Escaped LaTeX specials: \&
Flavors: r-devel-linux-x86_64-debian-clang, r-devel-linux-x86_64-debian-gcc, r-devel-linux-x86_64-fedora-clang, r-devel-linux-x86_64-fedora-gcc, r-devel-windows-x86_64, r-patched-linux-x86_64, r-release-linux-x86_64, r-release-macos-arm64, r-release-macos-x86_64, r-release-windows-x86_64

Version: 2016.05.31
Check: Rd cross-references
Result: NOTE
    Undeclared package ‘conf.design’ in Rd xrefs
Flavor: r-devel-linux-x86_64-fedora-clang