CRAN Package Check Results for Package BHH2

Last updated on 2021-04-23 00:48:41 CEST.

Flavor Version Tinstall Tcheck Ttotal Status Flags
r-devel-linux-x86_64-debian-clang 2016.05.31 2.75 35.37 38.12 OK
r-devel-linux-x86_64-debian-gcc 2016.05.31 1.84 28.44 30.28 OK
r-devel-linux-x86_64-fedora-clang 2016.05.31 57.65 NOTE
r-devel-linux-x86_64-fedora-gcc 2016.05.31 46.57 OK
r-devel-windows-ix86+x86_64 2016.05.31 6.00 70.00 76.00 OK
r-devel-windows-x86_64-gcc10-UCRT 2016.05.31 OK
r-patched-linux-x86_64 2016.05.31 2.91 34.42 37.33 OK
r-patched-solaris-x86 2016.05.31 67.30 OK
r-release-linux-x86_64 2016.05.31 2.81 34.39 37.20 OK
r-release-macos-x86_64 2016.05.31 OK
r-release-windows-ix86+x86_64 2016.05.31 5.00 55.00 60.00 OK
r-oldrel-macos-x86_64 2016.05.31 OK
r-oldrel-windows-ix86+x86_64 2016.05.31 4.00 56.00 60.00 OK

Check Details

Version: 2016.05.31
Check: Rd cross-references
Result: NOTE
    Undeclared package ‘conf.design’ in Rd xrefs
Flavor: r-devel-linux-x86_64-fedora-clang