CRAN Package Check Results for Package BIGL

Last updated on 2019-06-20 11:51:38 CEST.

Flavor Version Tinstall Tcheck Ttotal Status Flags
r-devel-linux-x86_64-debian-clang 1.3.0 7.23 320.16 327.39 OK
r-devel-linux-x86_64-debian-gcc 1.3.0 6.19 220.77 226.96 OK
r-devel-linux-x86_64-fedora-clang 1.3.0 357.50 OK
r-devel-linux-x86_64-fedora-gcc 1.3.0 308.71 OK
r-devel-windows-ix86+x86_64 1.3.0 27.00 394.00 421.00 OK
r-patched-linux-x86_64 1.3.0 7.41 315.79 323.20 OK
r-patched-solaris-x86 1.3.0 353.70 WARN
r-release-linux-x86_64 1.3.0 6.81 317.20 324.01 OK
r-release-windows-ix86+x86_64 1.3.0 45.00 412.00 457.00 OK
r-release-osx-x86_64 1.3.0 WARN
r-oldrel-windows-ix86+x86_64 1.3.0 11.00 317.00 328.00 OK
r-oldrel-osx-x86_64 1.3.0 WARN

Check Details

Version: 1.3.0
Check: re-building of vignette outputs
Result: WARN
    Error(s) in re-building vignettes:
     ...
    --- re-building ‘analysis.Rmd’ using rmarkdown
    Warning in engine$weave(file, quiet = quiet, encoding = enc) :
     Pandoc (>= 1.12.3) and/or pandoc-citeproc not available. Falling back to R Markdown v1.
    Warning: Transformation introduced infinite values in continuous x-axis
    Warning: Transformation introduced infinite values in continuous y-axis
    Warning: Transformation introduced infinite values in continuous x-axis
    Warning: Transformation introduced infinite values in continuous y-axis
    Warning: Removed 199 rows containing non-finite values (stat_contour).
    Warning in normalizePath(f2) :
     path[1]="webshot35bc5224760d.png": No such file or directory
    Warning in file(con, "rb") :
     cannot open file 'webshot35bc5224760d.png': No such file or directory
    Quitting from lines 244-247 (analysis.Rmd)
    Error: processing vignette 'analysis.Rmd' failed with diagnostics:
    cannot open the connection
    --- failed re-building ‘analysis.Rmd’
    
    --- re-building ‘methodology.Rmd’ using rmarkdown
    Warning in engine$weave(file, quiet = quiet, encoding = enc) :
     Pandoc (>= 1.12.3) and/or pandoc-citeproc not available. Falling back to R Markdown v1.
    --- finished re-building ‘methodology.Rmd’
    
    SUMMARY: processing the following file failed:
     ‘analysis.Rmd’
    
    Error: Vignette re-building failed.
    Execution halted
Flavor: r-patched-solaris-x86

Version: 1.3.0
Check: whether package can be installed
Result: WARN
    Found the following significant warnings:
     Warning: 'rgl_init' failed, running with rgl.useNULL = TRUE
Flavor: r-release-osx-x86_64

Version: 1.3.0
Check: re-building of vignette outputs
Result: WARN
    Error(s) in re-building vignettes:
    --- re-building ‘analysis.Rmd’ using rmarkdown
    Warning in engine$weave(file, quiet = quiet, encoding = enc) :
     Pandoc (>= 1.12.3) and/or pandoc-citeproc not available. Falling back to R Markdown v1.
    Warning: Transformation introduced infinite values in continuous x-axis
    Warning: Transformation introduced infinite values in continuous y-axis
    Warning: Transformation introduced infinite values in continuous x-axis
    Warning: Transformation introduced infinite values in continuous y-axis
    Warning: Removed 199 rows containing non-finite values (stat_contour).
    Warning in normalizePath(f2) :
     path[1]="webshot52c6654cbe07.png": No such file or directory
    Warning in file(con, "rb") :
     cannot open file 'webshot52c6654cbe07.png': No such file or directory
    Quitting from lines 244-247 (analysis.Rmd)
    Error: processing vignette 'analysis.Rmd' failed with diagnostics:
    cannot open the connection
    --- failed re-building ‘analysis.Rmd’
    
    --- re-building ‘methodology.Rmd’ using rmarkdown
    Warning in engine$weave(file, quiet = quiet, encoding = enc) :
     Pandoc (>= 1.12.3) and/or pandoc-citeproc not available. Falling back to R Markdown v1.
    --- finished re-building ‘methodology.Rmd’
    
    SUMMARY: processing the following file failed:
     ‘analysis.Rmd’
    
    Error: Vignette re-building failed.
    Execution halted
Flavor: r-release-osx-x86_64

Version: 1.3.0
Check: re-building of vignette outputs
Result: WARN
    Error in re-building vignettes:
     ...
    Warning in engine$weave(file, quiet = quiet, encoding = enc) :
     Pandoc (>= 1.12.3) and/or pandoc-citeproc not available. Falling back to R Markdown v1.
    Warning: Transformation introduced infinite values in continuous x-axis
    Warning: Transformation introduced infinite values in continuous y-axis
    Warning: Transformation introduced infinite values in continuous x-axis
    Warning: Transformation introduced infinite values in continuous y-axis
    Warning: Removed 199 rows containing non-finite values (stat_contour).
    Warning in normalizePath(f2) :
     path[1]="./webshot1782b14a0857a.png": No such file or directory
    Warning in file(con, "rb") :
     cannot open file './webshot1782b14a0857a.png': No such file or directory
    Quitting from lines 244-247 (analysis.Rmd)
    Error: processing vignette 'analysis.Rmd' failed with diagnostics:
    cannot open the connection
    Execution halted
Flavor: r-oldrel-osx-x86_64