CRAN Package Check Results for Package BIOM.utils

Last updated on 2022-01-29 13:57:17 CET.

Flavor Version Tinstall Tcheck Ttotal Status Flags
r-devel-linux-x86_64-debian-clang 0.9 2.63 45.62 48.25 NOTE
r-devel-linux-x86_64-debian-gcc 0.9 2.07 34.61 36.68 NOTE
r-devel-linux-x86_64-fedora-clang 0.9 59.60 NOTE
r-devel-linux-x86_64-fedora-gcc 0.9 48.92 NOTE
r-devel-windows-x86_64-new-UL 0.9 43.00 68.00 111.00 NOTE
r-devel-windows-x86_64-new-TK 0.9 NOTE
r-patched-linux-x86_64 0.9 NOTE
r-release-linux-x86_64 0.9 2.54 43.39 45.93 NOTE
r-release-macos-arm64 0.9 NOTE
r-release-macos-x86_64 0.9 NOTE
r-release-windows-ix86+x86_64 0.9 6.00 54.00 60.00 NOTE
r-oldrel-macos-x86_64 0.9 NOTE
r-oldrel-windows-ix86+x86_64 0.9 23.00 39.00 62.00 NOTE

Check Details

Version: 0.9
Check: dependencies in R code
Result: NOTE
    'library' or 'require' call to 'MGRASTer' in package code.
     Please use :: or requireNamespace() instead.
     See section 'Suggested packages' in the 'Writing R Extensions' manual.
Flavors: r-devel-linux-x86_64-debian-clang, r-devel-linux-x86_64-debian-gcc, r-devel-linux-x86_64-fedora-clang, r-devel-linux-x86_64-fedora-gcc, r-devel-windows-x86_64-new-UL, r-devel-windows-x86_64-new-TK, r-patched-linux-x86_64, r-release-linux-x86_64, r-release-macos-arm64, r-release-macos-x86_64, r-release-windows-ix86+x86_64, r-oldrel-macos-x86_64, r-oldrel-windows-ix86+x86_64

Version: 0.9
Check: R code for possible problems
Result: NOTE
    .onAttach: no visible global function definition for 'packageVersion'
    biom.matrix: no visible global function definition for 'packageVersion'
    Undefined global functions or variables:
     packageVersion
    Consider adding
     importFrom("utils", "packageVersion")
    to your NAMESPACE file.
Flavors: r-devel-linux-x86_64-debian-clang, r-devel-linux-x86_64-debian-gcc, r-devel-linux-x86_64-fedora-clang, r-devel-linux-x86_64-fedora-gcc, r-devel-windows-x86_64-new-UL, r-devel-windows-x86_64-new-TK, r-patched-linux-x86_64, r-release-linux-x86_64, r-release-macos-arm64, r-release-macos-x86_64, r-release-windows-ix86+x86_64, r-oldrel-macos-x86_64, r-oldrel-windows-ix86+x86_64