CRAN Package Check Results for Package BIS

Last updated on 2019-06-25 09:50:36 CEST.

Flavor Version Tinstall Tcheck Ttotal Status Flags
r-devel-linux-x86_64-debian-clang 0.2.1 1.55 23.79 25.34 NOTE
r-devel-linux-x86_64-debian-gcc 0.2.1 1.26 19.40 20.66 NOTE
r-devel-linux-x86_64-fedora-clang 0.2.1 30.84 OK
r-devel-linux-x86_64-fedora-gcc 0.2.1 29.48 OK
r-devel-windows-ix86+x86_64 0.2.1 7.00 57.00 64.00 OK
r-patched-linux-x86_64 0.2.1 1.65 23.70 25.35 OK
r-patched-solaris-x86 0.2.1 49.40 OK
r-release-linux-x86_64 0.2.1 1.67 24.18 25.85 OK
r-release-windows-ix86+x86_64 0.2.1 5.00 43.00 48.00 OK
r-release-osx-x86_64 0.2.1 OK
r-oldrel-windows-ix86+x86_64 0.2.1 4.00 37.00 41.00 OK
r-oldrel-osx-x86_64 0.2.1 OK

Check Details

Version: 0.2.1
Check: package vignettes
Result: NOTE
    Package vignette with placeholder title 'Vignette Title':
     'BIS.Rmd'
Flavors: r-devel-linux-x86_64-debian-clang, r-devel-linux-x86_64-debian-gcc