CRAN Package Check Results for Package BLRShiny2

Last updated on 2021-10-20 11:52:40 CEST.

Flavor Version Tinstall Tcheck Ttotal Status Flags
r-devel-linux-x86_64-debian-clang 0.1.0 2.17 18.77 20.94 NOTE
r-devel-linux-x86_64-debian-gcc 0.1.0 1.69 15.02 16.71 NOTE
r-devel-linux-x86_64-fedora-clang 0.1.0 36.78 NOTE
r-devel-linux-x86_64-fedora-gcc 0.1.0 26.68 NOTE
r-devel-windows-x86_64 0.1.0 5.00 37.00 42.00 NOTE
r-devel-windows-x86_64-gcc10-UCRT 0.1.0 NOTE
r-patched-linux-x86_64 0.1.0 2.22 18.07 20.29 NOTE
r-patched-solaris-x86 0.1.0 44.20 NOTE
r-release-linux-x86_64 0.1.0 2.17 18.87 21.04 NOTE
r-release-macos-arm64 0.1.0 NOTE
r-release-macos-x86_64 0.1.0 NOTE
r-release-windows-ix86+x86_64 0.1.0 6.00 36.00 42.00 NOTE
r-oldrel-macos-x86_64 0.1.0 NOTE
r-oldrel-windows-ix86+x86_64 0.1.0 7.00 36.00 43.00 OK

Check Details

Version: 0.1.0
Check: LazyData
Result: NOTE
     'LazyData' is specified without a 'data' directory
Flavors: r-devel-linux-x86_64-debian-clang, r-devel-linux-x86_64-debian-gcc, r-devel-linux-x86_64-fedora-clang, r-devel-linux-x86_64-fedora-gcc, r-devel-windows-x86_64, r-devel-windows-x86_64-gcc10-UCRT, r-patched-linux-x86_64, r-patched-solaris-x86, r-release-linux-x86_64, r-release-macos-arm64, r-release-macos-x86_64, r-release-windows-ix86+x86_64

Version: 0.1.0
Check: dependencies in R code
Result: NOTE
    Namespaces in Imports field not imported from:
     ‘caret’ ‘datasets’ ‘dplyr’ ‘e1071’ ‘ggplot2’ ‘rhandsontable’ ‘shiny’
     All declared Imports should be used.
Flavors: r-devel-linux-x86_64-fedora-clang, r-devel-linux-x86_64-fedora-gcc, r-devel-windows-x86_64-gcc10-UCRT, r-patched-solaris-x86, r-release-macos-arm64, r-release-macos-x86_64, r-oldrel-macos-x86_64