CRAN Package Check Results for Package BMRV

Last updated on 2022-06-30 12:55:06 CEST.

Flavor Version Tinstall Tcheck Ttotal Status Flags
r-devel-linux-x86_64-debian-clang 1.32 23.87 37.19 61.06 OK
r-devel-linux-x86_64-debian-gcc 1.32 24.10 29.61 53.71 OK
r-devel-linux-x86_64-fedora-clang 1.32 96.10 NOTE
r-devel-linux-x86_64-fedora-gcc 1.32 92.18 NOTE
r-devel-windows-x86_64 1.32 22.00 81.00 103.00 OK
r-patched-linux-x86_64 1.32 27.04 37.07 64.11 OK
r-release-linux-x86_64 1.32 24.38 36.46 60.84 OK
r-release-macos-arm64 1.32 30.00 OK
r-release-macos-x86_64 1.32 40.00 OK
r-release-windows-x86_64 1.32 29.00 78.00 107.00 OK
r-oldrel-macos-arm64 1.32 37.00 OK
r-oldrel-macos-x86_64 1.32 52.00 OK
r-oldrel-windows-ix86+x86_64 1.32 52.00 88.00 140.00 OK

Check Details

Version: 1.32
Check: compiled code
Result: NOTE
    File ‘BMRV/libs/BMRV.so’:
     Found no calls to: ‘R_registerRoutines’, ‘R_useDynamicSymbols’
    
    It is good practice to register native routines and to disable symbol
    search.
    
    See ‘Writing portable packages’ in the ‘Writing R Extensions’ manual.
Flavors: r-devel-linux-x86_64-fedora-clang, r-devel-linux-x86_64-fedora-gcc