CRAN Package Check Results for Package BMisc

Last updated on 2019-09-18 01:46:50 CEST.

Flavor Version Tinstall Tcheck Ttotal Status Flags
r-devel-linux-x86_64-debian-clang 1.3.1 2.09 17.52 19.61 OK
r-devel-linux-x86_64-debian-gcc 1.3.1 1.60 14.36 15.96 OK
r-devel-linux-x86_64-fedora-clang 1.3.1 24.93 NOTE
r-devel-linux-x86_64-fedora-gcc 1.3.1 23.75 NOTE
r-devel-windows-ix86+x86_64 1.3.1 9.00 40.00 49.00 OK
r-patched-linux-x86_64 1.3.1 1.87 17.67 19.54 OK
r-patched-solaris-x86 1.3.1 38.50 NOTE
r-release-linux-x86_64 1.3.1 1.96 17.46 19.42 OK
r-release-windows-ix86+x86_64 1.3.1 4.00 30.00 34.00 OK
r-release-osx-x86_64 1.3.1 NOTE
r-oldrel-windows-ix86+x86_64 1.3.1 4.00 29.00 33.00 OK
r-oldrel-osx-x86_64 1.3.1 NOTE

Check Details

Version: 1.3.1
Check: dependencies in R code
Result: NOTE
    Namespaces in Imports field not imported from:
     ‘formula.tools’ ‘plm’
     All declared Imports should be used.
Flavors: r-devel-linux-x86_64-fedora-clang, r-devel-linux-x86_64-fedora-gcc, r-patched-solaris-x86, r-release-osx-x86_64, r-oldrel-osx-x86_64