CRAN Package Check Results for Package BMisc

Last updated on 2021-11-27 23:51:18 CET.

Flavor Version Tinstall Tcheck Ttotal Status Flags
r-devel-linux-x86_64-debian-clang 1.4.2 NOTE
r-devel-linux-x86_64-debian-gcc 1.4.2 1.81 18.23 20.04 NOTE
r-devel-linux-x86_64-fedora-clang 1.4.2 41.86 NOTE
r-devel-linux-x86_64-fedora-gcc 1.4.2 32.55 NOTE
r-devel-windows-x86_64-new-UL 1.4.2 8.00 56.00 64.00 NOTE
r-devel-windows-x86_64-new-TK 1.4.2 NOTE
r-devel-windows-x86_64-old 1.4.2 4.00 43.00 47.00 NOTE
r-patched-linux-x86_64 1.4.2 2.43 21.94 24.37 NOTE
r-patched-solaris-x86 1.4.2 47.30 NOTE
r-release-linux-x86_64 1.4.2 NOTE
r-release-macos-arm64 1.4.2 NOTE
r-release-macos-x86_64 1.4.2 NOTE
r-release-windows-ix86+x86_64 1.4.2 5.00 32.00 37.00 NOTE
r-oldrel-macos-x86_64 1.4.2 OK
r-oldrel-windows-ix86+x86_64 1.4.2 14.00 43.00 57.00 OK

Check Details

Version: 1.4.2
Check: LazyData
Result: NOTE
     'LazyData' is specified without a 'data' directory
Flavors: r-devel-linux-x86_64-debian-clang, r-devel-linux-x86_64-debian-gcc, r-devel-linux-x86_64-fedora-clang, r-devel-linux-x86_64-fedora-gcc, r-devel-windows-x86_64-new-UL, r-devel-windows-x86_64-new-TK, r-devel-windows-x86_64-old, r-patched-linux-x86_64, r-patched-solaris-x86, r-release-linux-x86_64, r-release-macos-arm64, r-release-macos-x86_64, r-release-windows-ix86+x86_64