CRAN Package Check Results for Package BMisc

Last updated on 2024-02-25 02:56:03 CET.

Flavor Version Tinstall Tcheck Ttotal Status Flags
r-devel-linux-x86_64-debian-clang 1.4.5 33.29 39.64 72.93 NOTE
r-devel-linux-x86_64-debian-gcc 1.4.5 22.94 29.60 52.54 NOTE
r-devel-linux-x86_64-fedora-clang 1.4.5 103.96 NOTE
r-devel-linux-x86_64-fedora-gcc 1.4.5 100.10 NOTE
r-devel-windows-x86_64 1.4.5 26.00 73.00 99.00 NOTE
r-patched-linux-x86_64 1.4.5 28.50 38.18 66.68 OK
r-release-linux-x86_64 1.4.5 36.47 37.40 73.87 OK
r-release-macos-arm64 1.4.5 30.00 OK
r-release-macos-x86_64 1.4.5 45.00 OK
r-release-windows-x86_64 1.4.5 33.00 81.00 114.00 OK
r-oldrel-macos-arm64 1.4.5 29.00 OK
r-oldrel-windows-x86_64 1.4.5 32.00 78.00 110.00 OK

Check Details

Version: 1.4.5
Check: Rd \usage sections
Result: NOTE Documented arguments not in \usage in Rd file 'id2rownum.Rd': ‘ids’ Functions with \usage entries need to have the appropriate \alias entries, and all their arguments documented. The \usage entries must correspond to syntactically valid R code. See chapter ‘Writing R documentation files’ in the ‘Writing R Extensions’ manual. Flavors: r-devel-linux-x86_64-debian-clang, r-devel-linux-x86_64-debian-gcc, r-devel-linux-x86_64-fedora-clang, r-devel-linux-x86_64-fedora-gcc, r-devel-windows-x86_64