CRAN Package Check Results for Package BNSP

Last updated on 2022-09-25 17:53:47 CEST.

Flavor Version Tinstall Tcheck Ttotal Status Flags
r-devel-linux-x86_64-debian-clang 2.1.6 64.80 148.12 212.92 OK
r-devel-linux-x86_64-debian-gcc 2.1.6 68.57 111.34 179.91 OK
r-devel-linux-x86_64-fedora-clang 2.1.6 255.05 OK
r-devel-linux-x86_64-fedora-gcc 2.1.6 293.05 OK
r-devel-windows-x86_64 2.1.6 62.00 164.00 226.00 OK
r-patched-linux-x86_64 2.1.6 69.35 156.87 226.22 OK
r-release-linux-x86_64 2.1.6 74.60 156.28 230.88 OK
r-release-macos-arm64 2.1.6 106.00 OK
r-release-macos-x86_64 2.1.6 207.00 NOTE
r-release-windows-x86_64 2.1.6 62.00 165.00 227.00 OK
r-oldrel-macos-arm64 2.1.6 156.00 OK
r-oldrel-macos-x86_64 2.1.6 140.00 OK
r-oldrel-windows-ix86+x86_64 2.1.6 152.00 202.00 354.00 OK

Check Details

Version: 2.1.6
Check: installed package size
Result: NOTE
     installed size is 5.0Mb
     sub-directories of 1Mb or more:
     libs 4.7Mb
Flavor: r-release-macos-x86_64