Last updated on 2023-09-29 10:51:49 CEST.
Flavor | Version | Tinstall | Tcheck | Ttotal | Status | Flags |
---|---|---|---|---|---|---|
r-devel-linux-x86_64-debian-clang | 2.2.3 | 81.52 | 157.56 | 239.08 | OK | |
r-devel-linux-x86_64-debian-gcc | 2.2.3 | 73.92 | 112.16 | 186.08 | OK | |
r-devel-linux-x86_64-fedora-clang | 2.2.3 | 277.92 | OK | |||
r-devel-linux-x86_64-fedora-gcc | 2.2.3 | 341.92 | OK | |||
r-devel-windows-x86_64 | 2.2.3 | 65.00 | 124.00 | 189.00 | OK | |
r-patched-linux-x86_64 | 2.2.3 | 93.41 | 146.41 | 239.82 | OK | |
r-release-linux-x86_64 | 2.2.3 | 93.04 | 147.11 | 240.15 | OK | |
r-release-macos-arm64 | 2.2.3 | 81.00 | NOTE | |||
r-release-macos-x86_64 | 2.2.3 | 160.00 | NOTE | |||
r-release-windows-x86_64 | 2.2.3 | 91.00 | 154.00 | 245.00 | OK | |
r-oldrel-macos-arm64 | 2.2.3 | 124.00 | NOTE | |||
r-oldrel-macos-x86_64 | 2.2.3 | 181.00 | NOTE | |||
r-oldrel-windows-x86_64 | 2.2.3 | 91.00 | 142.00 | 233.00 | OK |
Version: 2.2.3
Check: installed package size
Result: NOTE
installed size is 5.2Mb
sub-directories of 1Mb or more:
libs 4.8Mb
Flavors: r-release-macos-arm64, r-release-macos-x86_64, r-oldrel-macos-arm64, r-oldrel-macos-x86_64