CRAN Package Check Results for Package BOSSreg

Last updated on 2020-03-31 18:47:31 CEST.

Flavor Version Tinstall Tcheck Ttotal Status Flags
r-devel-linux-x86_64-debian-clang 0.1.0 35.48 42.35 77.83 OK
r-devel-linux-x86_64-debian-gcc 0.1.0 20.60 33.87 54.47 OK
r-devel-linux-x86_64-fedora-clang 0.1.0 97.30 OK
r-devel-linux-x86_64-fedora-gcc 0.1.0 94.95 OK
r-devel-windows-ix86+x86_64 0.1.0 53.00 79.00 132.00 OK
r-devel-windows-ix86+x86_64-gcc8 0.1.0 62.00 81.00 143.00 OK
r-patched-linux-x86_64 0.1.0 24.07 40.60 64.67 OK
r-patched-solaris-x86 0.1.0 108.80 OK
r-release-linux-x86_64 0.1.0 26.30 38.69 64.99 OK
r-release-windows-ix86+x86_64 0.1.0 78.00 102.00 180.00 OK
r-release-osx-x86_64 0.1.0 OK
r-oldrel-windows-ix86+x86_64 0.1.0 76.00 115.00 191.00 OK
r-oldrel-osx-x86_64 0.1.0 WARN

Check Details

Version: 0.1.0
Check: re-building of vignette outputs
Result: WARN
    Error in re-building vignettes:
     ...
    Warning in engine$weave(file, quiet = quiet, encoding = enc) :
     Pandoc (>= 1.12.3) and/or pandoc-citeproc not available. Falling back to R Markdown v1.
    Quitting from lines 308-333 (BOSSreg.Rmd)
    Error: processing vignette 'BOSSreg.Rmd' failed with diagnostics:
    cannot open the connection to 'https://raw.githubusercontent.com/sentian/BOSSreg/master/r-package/vignettes/realdata.rds'
    Execution halted
Flavor: r-oldrel-osx-x86_64