CRAN Package Check Results for Package BRDT

Last updated on 2021-06-24 09:52:23 CEST.

Flavor Version Tinstall Tcheck Ttotal Status Flags
r-devel-linux-x86_64-debian-clang 0.1.0 2.19 36.25 38.44 NOTE
r-devel-linux-x86_64-debian-gcc 0.1.0 1.67 27.13 28.80 NOTE
r-devel-linux-x86_64-fedora-clang 0.1.0 54.00 NOTE
r-devel-linux-x86_64-fedora-gcc 0.1.0 44.73 NOTE
r-devel-windows-x86_64 0.1.0 4.00 52.00 56.00 NOTE
r-devel-windows-x86_64-gcc10-UCRT 0.1.0 NOTE
r-patched-linux-x86_64 0.1.0 1.97 34.61 36.58 NOTE
r-patched-solaris-x86 0.1.0 68.60 NOTE
r-release-linux-x86_64 0.1.0 1.82 34.70 36.52 NOTE
r-release-macos-arm64 0.1.0 NOTE
r-release-macos-x86_64 0.1.0 NOTE
r-release-windows-ix86+x86_64 0.1.0 5.00 46.00 51.00 NOTE
r-oldrel-macos-x86_64 0.1.0 OK

Check Details

Version: 0.1.0
Check: LazyData
Result: NOTE
     'LazyData' is specified without a 'data' directory
Flavors: r-devel-linux-x86_64-debian-clang, r-devel-linux-x86_64-debian-gcc, r-devel-linux-x86_64-fedora-clang, r-devel-linux-x86_64-fedora-gcc, r-devel-windows-x86_64, r-devel-windows-x86_64-gcc10-UCRT, r-patched-linux-x86_64, r-patched-solaris-x86, r-release-linux-x86_64, r-release-macos-arm64, r-release-macos-x86_64, r-release-windows-ix86+x86_64

Version: 0.1.0
Check: package dependencies
Result: NOTE
    Package suggested but not available for checking: 'tidyverse'
Flavor: r-devel-windows-x86_64-gcc10-UCRT