CRAN Package Check Results for Package BRISC

Last updated on 2024-03-04 00:55:37 CET.

Flavor Version Tinstall Tcheck Ttotal Status Flags
r-devel-linux-x86_64-debian-clang 1.0.5 13.82 61.44 75.26 OK
r-devel-linux-x86_64-debian-gcc 1.0.5 10.14 42.23 52.37 OK
r-devel-linux-x86_64-fedora-clang 1.0.5 93.50 OK
r-devel-linux-x86_64-fedora-gcc 1.0.5 83.30 OK
r-devel-windows-x86_64 1.0.5 11.00 72.00 83.00 NOTE
r-patched-linux-x86_64 1.0.5 11.38 54.36 65.74 OK
r-release-linux-x86_64 1.0.5 10.46 54.61 65.07 OK
r-release-macos-arm64 1.0.5 33.00 OK
r-release-macos-x86_64 1.0.5 53.00 OK
r-release-windows-x86_64 1.0.5 11.00 83.00 94.00 NOTE
r-oldrel-macos-arm64 1.0.5 38.00 OK
r-oldrel-windows-x86_64 1.0.5 13.00 86.00 99.00 OK

Additional issues

noRemap

Check Details

Version: 1.0.5
Check: C++ specification
Result: NOTE Specified C++11: please drop specification unless essential Flavors: r-devel-windows-x86_64, r-release-windows-x86_64