CRAN Package Check Results for Package BSS

Last updated on 2021-12-02 19:53:05 CET.

Flavor Version Tinstall Tcheck Ttotal Status Flags
r-devel-linux-x86_64-debian-clang 0.1.0 3.04 28.81 31.85 NOTE
r-devel-linux-x86_64-debian-gcc 0.1.0 2.21 22.43 24.64 NOTE
r-devel-linux-x86_64-fedora-clang 0.1.0 49.63 NOTE
r-devel-linux-x86_64-fedora-gcc 0.1.0 41.47 NOTE
r-devel-windows-x86_64-new-UL 0.1.0 8.00 68.00 76.00 NOTE
r-devel-windows-x86_64-new-TK 0.1.0 NOTE
r-devel-windows-x86_64-old 0.1.0 6.00 37.00 43.00 NOTE
r-patched-linux-x86_64 0.1.0 2.84 27.77 30.61 NOTE
r-patched-solaris-x86 0.1.0 58.70 NOTE
r-release-linux-x86_64 0.1.0 2.80 27.45 30.25 NOTE
r-release-macos-arm64 0.1.0 NOTE
r-release-macos-x86_64 0.1.0 NOTE
r-release-windows-ix86+x86_64 0.1.0 6.00 46.00 52.00 NOTE
r-oldrel-macos-x86_64 0.1.0 OK
r-oldrel-windows-ix86+x86_64 0.1.0 6.00 47.00 53.00 OK

Check Details

Version: 0.1.0
Check: LazyData
Result: NOTE
     'LazyData' is specified without a 'data' directory
Flavors: r-devel-linux-x86_64-debian-clang, r-devel-linux-x86_64-debian-gcc, r-devel-linux-x86_64-fedora-clang, r-devel-linux-x86_64-fedora-gcc, r-devel-windows-x86_64-new-UL, r-devel-windows-x86_64-new-TK, r-devel-windows-x86_64-old, r-patched-linux-x86_64, r-patched-solaris-x86, r-release-linux-x86_64, r-release-macos-arm64, r-release-macos-x86_64, r-release-windows-ix86+x86_64