CRAN Package Check Results for Package BUCSS

Last updated on 2019-03-23 16:47:36 CET.

Flavor Version Tinstall Tcheck Ttotal Status Flags
r-devel-linux-x86_64-debian-clang 1.1.0 2.97 29.14 32.11 OK
r-devel-linux-x86_64-debian-gcc 1.1.0 2.39 22.07 24.46 OK
r-devel-linux-x86_64-fedora-clang 1.1.0 40.06 OK
r-devel-linux-x86_64-fedora-gcc 1.1.0 39.63 OK
r-devel-windows-ix86+x86_64 1.1.0 8.00 50.00 58.00 OK
r-patched-linux-x86_64 1.1.0 1.71 27.62 29.33 OK
r-patched-solaris-x86 1.1.0 54.50 OK
r-release-linux-x86_64 1.1.0 0.30 2.04 2.34 ERROR
r-release-windows-ix86+x86_64 1.1.0 4.00 41.00 45.00 OK
r-release-osx-x86_64 1.1.0 OK
r-oldrel-windows-ix86+x86_64 1.1.0 6.00 71.00 77.00 OK
r-oldrel-osx-x86_64 1.1.0 OK

Check Details

Version: 1.1.0
Check: whether package can be installed
Result: ERROR
    Installation failed.
Flavor: r-release-linux-x86_64