CRAN Package Check Results for Package BVS

Last updated on 2019-03-26 07:48:40 CET.

Flavor Version Tinstall Tcheck Ttotal Status Flags
r-devel-linux-x86_64-debian-clang 4.12.1 12.13 99.08 111.21 NOTE
r-devel-linux-x86_64-debian-gcc 4.12.1 8.90 78.82 87.72 NOTE
r-devel-linux-x86_64-fedora-clang 4.12.1 149.00 NOTE
r-devel-linux-x86_64-fedora-gcc 4.12.1 127.36 NOTE
r-devel-windows-ix86+x86_64 4.12.1 40.00 165.00 205.00 NOTE
r-patched-linux-x86_64 4.12.1 5.74 92.22 97.96 NOTE
r-patched-solaris-x86 4.12.1 203.60 NOTE
r-release-linux-x86_64 4.12.1 5.93 92.36 98.29 NOTE
r-release-windows-ix86+x86_64 4.12.1 20.00 159.00 179.00 NOTE
r-release-osx-x86_64 4.12.1 NOTE
r-oldrel-windows-ix86+x86_64 4.12.1 14.00 162.00 176.00 NOTE
r-oldrel-osx-x86_64 4.12.1 NOTE

Check Details

Version: 4.12.1
Check: dependencies in R code
Result: NOTE
    'library' or 'require' calls to packages already attached by Depends:
     'MASS' 'haplo.stats' 'msm'
     Please remove these calls from your code.
Flavors: r-devel-linux-x86_64-debian-clang, r-devel-linux-x86_64-debian-gcc, r-devel-linux-x86_64-fedora-clang, r-devel-linux-x86_64-fedora-gcc, r-devel-windows-ix86+x86_64, r-patched-linux-x86_64, r-patched-solaris-x86, r-release-linux-x86_64, r-release-windows-ix86+x86_64, r-release-osx-x86_64, r-oldrel-windows-ix86+x86_64, r-oldrel-osx-x86_64

Version: 4.12.1
Check: R code for possible problems
Result: NOTE
    fitBVS: no visible global function definition for 'qnorm'
    fitBVS: no visible global function definition for 'model.matrix'
    fitBVS: no visible global function definition for 'as.formula'
    fitBVS: no visible global function definition for 'glm'
    fitBVS: no visible global function definition for 'deviance'
    fitBVS: no visible global function definition for 'pnorm'
    plotBVS: no visible global function definition for 'par'
    plotBVS: no visible global function definition for 'image'
    plotBVS: no visible global function definition for 'axis'
    sampleBVS: no visible global function definition for 'qnorm'
    sampleBVS: no visible global function definition for 'pnorm'
    sampleBVS: no visible global function definition for 'runif'
    summaryBVS: no visible global function definition for 'qnorm'
    summaryBVS : inc.prob: no visible global function definition for
     'pnorm'
    summaryBVS: no visible global function definition for 'pnorm'
    summaryBVS: no visible global function definition for 'model.matrix'
    Undefined global functions or variables:
     as.formula axis deviance glm image model.matrix par pnorm qnorm runif
    Consider adding
     importFrom("graphics", "axis", "image", "par")
     importFrom("stats", "as.formula", "deviance", "glm", "model.matrix",
     "pnorm", "qnorm", "runif")
    to your NAMESPACE file.
Flavors: r-devel-linux-x86_64-debian-clang, r-devel-linux-x86_64-debian-gcc, r-devel-linux-x86_64-fedora-clang, r-devel-linux-x86_64-fedora-gcc, r-devel-windows-ix86+x86_64, r-patched-linux-x86_64, r-patched-solaris-x86, r-release-linux-x86_64, r-release-windows-ix86+x86_64, r-release-osx-x86_64, r-oldrel-windows-ix86+x86_64, r-oldrel-osx-x86_64