CRAN Package Check Results for Package Ball

Last updated on 2019-03-23 09:47:38 CET.

Flavor Version Tinstall Tcheck Ttotal Status Flags
r-devel-linux-x86_64-debian-clang 1.3.7 11.59 71.63 83.22 WARN
r-devel-linux-x86_64-debian-gcc 1.3.7 9.99 57.42 67.41 OK
r-devel-linux-x86_64-fedora-clang 1.3.7 103.51 OK
r-devel-linux-x86_64-fedora-gcc 1.3.7 101.29 OK
r-devel-windows-ix86+x86_64 1.3.7 35.00 133.00 168.00 OK
r-patched-linux-x86_64 1.3.7 7.92 69.21 77.13 OK
r-patched-solaris-x86 1.3.7 161.50 OK
r-release-linux-x86_64 1.3.7 0.51 2.40 2.91 ERROR
r-release-windows-ix86+x86_64 1.3.7 23.00 103.00 126.00 OK
r-release-osx-x86_64 1.3.7 OK
r-oldrel-windows-ix86+x86_64 1.3.7 28.00 144.00 172.00 OK
r-oldrel-osx-x86_64 1.3.7 OK

Check Details

Version: 1.3.7
Check: whether package can be installed
Result: WARN
    Found the following significant warnings:
     Warning: unable to re-encode 'data.R' lines 116, 140, 157
Flavor: r-devel-linux-x86_64-debian-clang

Version: 1.3.7
Check: whether package can be installed
Result: ERROR
    Installation failed.
Flavor: r-release-linux-x86_64