CRAN Package Check Results for Package Barycenter

Last updated on 2018-01-21 14:47:13 CET.

Flavor Version Tinstall Tcheck Ttotal Status Flags
r-devel-linux-x86_64-debian-clang 1.2 31.63 27.21 58.84 OK
r-devel-linux-x86_64-debian-gcc 1.2 24.89 21.23 46.12 OK
r-devel-linux-x86_64-fedora-clang 1.2 82.58 OK
r-devel-linux-x86_64-fedora-gcc 1.2 77.81 NOTE
r-devel-windows-ix86+x86_64 1.2 69.00 60.00 129.00 OK
r-patched-linux-x86_64 1.2 31.16 26.78 57.94 OK
r-patched-solaris-x86 1.2 103.80 OK
r-release-linux-x86_64 1.2 33.02 26.87 59.89 OK
r-release-windows-ix86+x86_64 1.2 89.00 83.00 172.00 OK
r-release-osx-x86_64 1.2 OK
r-oldrel-windows-ix86+x86_64 1.2 84.00 78.00 162.00 OK
r-oldrel-osx-x86_64 1.2 OK

Check Details

Version: 1.2
Check: installed package size
Result: NOTE
     installed size is 5.2Mb
     sub-directories of 1Mb or more:
     data 2.8Mb
     libs 2.3Mb
Flavor: r-devel-linux-x86_64-fedora-gcc