CRAN Package Check Results for Package Barycenter

Last updated on 2018-11-19 03:48:31 CET.

Flavor Version Tinstall Tcheck Ttotal Status Flags
r-devel-linux-x86_64-debian-clang OK
r-devel-linux-x86_64-debian-gcc 1.3.1 43.83 23.14 66.97 OK
r-devel-linux-x86_64-fedora-clang 1.3.1 115.77 NOTE
r-devel-linux-x86_64-fedora-gcc 1.3.1 110.00 OK
r-devel-windows-ix86+x86_64 1.3.1 121.00 88.00 209.00 OK
r-patched-linux-x86_64 1.3.1 52.43 28.01 80.44 OK
r-patched-solaris-x86 1.3.1 123.40 OK
r-release-linux-x86_64 1.3.1 56.11 27.47 83.58 OK
r-release-windows-ix86+x86_64 1.3.1 120.00 77.00 197.00 OK
r-release-osx-x86_64 1.3.1 NOTE
r-oldrel-windows-ix86+x86_64 1.3.1 118.00 89.00 207.00 OK
r-oldrel-osx-x86_64 1.3.1 NOTE

Check Details

Version: 1.3.1
Check: installed package size
Result: NOTE
     installed size is 5.8Mb
     sub-directories of 1Mb or more:
     data 2.8Mb
     libs 2.9Mb
Flavors: r-devel-linux-x86_64-fedora-clang, r-release-osx-x86_64, r-oldrel-osx-x86_64