Last updated on 2023-02-06 09:55:37 CET.
Flavor | Version | Tinstall | Tcheck | Ttotal | Status | Flags |
---|---|---|---|---|---|---|
r-devel-linux-x86_64-debian-clang | 1.3.1 | 68.10 | 34.97 | 103.07 | OK | |
r-devel-linux-x86_64-debian-gcc | 1.3.1 | 49.84 | 26.45 | 76.29 | OK | |
r-devel-linux-x86_64-fedora-clang | 1.3.1 | 144.91 | OK | |||
r-devel-linux-x86_64-fedora-gcc | 1.3.1 | 132.33 | OK | |||
r-devel-windows-x86_64 | 1.3.1 | 57.00 | 86.00 | 143.00 | OK | |
r-patched-linux-x86_64 | 1.3.1 | 52.96 | 34.80 | 87.76 | OK | |
r-release-linux-x86_64 | 1.3.1 | 51.94 | 33.65 | 85.59 | OK | |
r-release-macos-arm64 | 1.3.1 | 39.00 | NOTE | |||
r-release-macos-x86_64 | 1.3.1 | 55.00 | NOTE | |||
r-release-windows-x86_64 | 1.3.1 | 56.00 | 90.00 | 146.00 | OK | |
r-oldrel-macos-arm64 | 1.3.1 | 44.00 | NOTE | |||
r-oldrel-macos-x86_64 | 1.3.1 | 80.00 | NOTE | |||
r-oldrel-windows-ix86+x86_64 | 1.3.1 | 163.00 | 101.00 | 264.00 | NOTE |
Version: 1.3.1
Check: installed package size
Result: NOTE
installed size is 6.3Mb
sub-directories of 1Mb or more:
data 2.8Mb
libs 3.4Mb
Flavors: r-release-macos-arm64, r-release-macos-x86_64, r-oldrel-macos-arm64, r-oldrel-macos-x86_64, r-oldrel-windows-ix86+x86_64