CRAN Package Check Results for Package Barycenter

Last updated on 2018-04-27 05:49:27 CEST.

Flavor Version Tinstall Tcheck Ttotal Status Flags
r-devel-linux-x86_64-debian-clang 1.3 45.26 24.76 70.02 OK
r-devel-linux-x86_64-debian-gcc 1.3 37.99 21.76 59.75 WARN
r-devel-linux-x86_64-fedora-clang 1.3 104.21 NOTE
r-devel-linux-x86_64-fedora-gcc 1.3 92.87 WARN
r-devel-windows-ix86+x86_64 1.3 113.00 84.00 197.00 WARN
r-patched-linux-x86_64 1.3 49.43 27.67 77.10 WARN
r-patched-solaris-x86 1.3 123.20 OK
r-release-linux-x86_64 1.3 54.19 27.70 81.89 WARN
r-release-windows-ix86+x86_64 1.3 113.00 84.00 197.00 WARN
r-release-osx-x86_64 1.3 NOTE
r-oldrel-windows-ix86+x86_64 1.3 87.00 78.00 165.00 OK
r-oldrel-osx-x86_64 1.3 NOTE

Check Details

Version: 1.3
Check: whether package can be installed
Result: WARN
    Found the following significant warnings:
     SinkhornDistance.cpp:31:15: warning: suggest parentheses around comparison in operand of ‘&’ [-Wparentheses]
Flavors: r-devel-linux-x86_64-debian-gcc, r-devel-linux-x86_64-fedora-gcc, r-devel-windows-ix86+x86_64, r-patched-linux-x86_64, r-release-linux-x86_64, r-release-windows-ix86+x86_64

Version: 1.3
Check: installed package size
Result: NOTE
     installed size is 5.6Mb
     sub-directories of 1Mb or more:
     data 2.8Mb
     libs 2.7Mb
Flavors: r-devel-linux-x86_64-fedora-clang, r-devel-linux-x86_64-fedora-gcc, r-release-osx-x86_64, r-oldrel-osx-x86_64