CRAN Package Check Results for Package Barycenter

Last updated on 2018-08-17 21:47:58 CEST.

Flavor Version Tinstall Tcheck Ttotal Status Flags
r-devel-linux-x86_64-debian-clang 1.3.1 50.93 30.36 81.29 OK
r-devel-linux-x86_64-debian-gcc 1.3.1 45.29 24.35 69.64 OK
r-devel-linux-x86_64-fedora-clang 1.3.1 109.80 NOTE
r-devel-linux-x86_64-fedora-gcc 1.3.1 107.57 OK
r-devel-windows-ix86+x86_64 1.3.1 125.00 92.00 217.00 OK
r-patched-linux-x86_64 1.3.1 55.20 27.87 83.07 OK
r-patched-solaris-x86 1.3.1 126.90 OK
r-release-linux-x86_64 1.3.1 56.81 28.11 84.92 OK
r-release-windows-ix86+x86_64 1.3.1 122.00 93.00 215.00 OK
r-release-osx-x86_64 1.3.1 NOTE
r-oldrel-windows-ix86+x86_64 1.3.1 97.00 86.00 183.00 OK
r-oldrel-osx-x86_64 1.3.1 NOTE

Check Details

Version: 1.3.1
Check: installed package size
Result: NOTE
     installed size is 5.6Mb
     sub-directories of 1Mb or more:
     data 2.8Mb
     libs 2.7Mb
Flavors: r-devel-linux-x86_64-fedora-clang, r-release-osx-x86_64, r-oldrel-osx-x86_64