CRAN Package Check Results for Package Barycenter

Last updated on 2017-11-17 21:49:21.

Flavor Version Tinstall Tcheck Ttotal Status Flags
r-devel-linux-x86_64-debian-clang 1.2 21.70 17.61 39.31 OK
r-devel-linux-x86_64-debian-gcc 1.2 21.95 18.93 40.88 OK
r-devel-linux-x86_64-fedora-clang 1.2 76.64 OK
r-devel-linux-x86_64-fedora-gcc 1.2 75.18 NOTE
r-devel-windows-ix86+x86_64 1.2 94.00 76.00 170.00 OK
r-patched-linux-x86_64 1.2 23.78 18.27 42.04 OK
r-patched-solaris-x86 1.2 99.40 OK
r-release-linux-x86_64 1.2 24.09 18.31 42.40 OK
r-release-windows-ix86+x86_64 1.2 62.00 77.00 139.00 OK
r-release-osx-x86_64 1.2 OK
r-oldrel-windows-ix86+x86_64 1.2 58.00 71.00 129.00 OK
r-oldrel-osx-x86_64 1.2 OK

Check Details

Version: 1.2
Check: installed package size
Result: NOTE
     installed size is 5.2Mb
     sub-directories of 1Mb or more:
     data 2.8Mb
     libs 2.3Mb
Flavor: r-devel-linux-x86_64-fedora-gcc