Last updated on 2023-01-27 12:53:12 CET.
Flavor | Version | Tinstall | Tcheck | Ttotal | Status | Flags |
---|---|---|---|---|---|---|
r-devel-linux-x86_64-debian-clang | 0.0.17 | 11.14 | 312.42 | 323.56 | OK | |
r-devel-linux-x86_64-debian-gcc | 0.0.17 | 7.20 | 226.52 | 233.72 | OK | |
r-devel-linux-x86_64-fedora-clang | 0.0.17 | 463.15 | OK | |||
r-devel-linux-x86_64-fedora-gcc | 0.0.17 | 407.14 | OK | |||
r-devel-windows-x86_64 | 0.0.17 | 100.00 | 358.00 | 458.00 | OK | |
r-patched-linux-x86_64 | 0.0.17 | 14.66 | 293.41 | 308.07 | OK | |
r-release-linux-x86_64 | 0.0.17 | 8.68 | 287.44 | 296.12 | OK | |
r-release-macos-arm64 | 0.0.17 | 38.00 | NOTE | |||
r-release-macos-x86_64 | 0.0.17 | 138.00 | OK | |||
r-release-windows-x86_64 | 0.0.17 | 110.00 | 343.00 | 453.00 | OK | |
r-oldrel-macos-arm64 | 0.0.17 | 49.00 | NOTE | |||
r-oldrel-macos-x86_64 | 0.0.17 | 59.00 | NOTE | |||
r-oldrel-windows-ix86+x86_64 | 0.0.17 | 24.00 | 352.00 | 376.00 | OK |
Version: 0.0.17
Check: package dependencies
Result: NOTE
Packages suggested but not available for checking:
'Biobase', 'GO.db', 'GSEABase', 'org.Hs.eg.db', 'reactome.db'
Flavor: r-release-macos-arm64
Version: 0.0.17
Check: package dependencies
Result: NOTE
Packages suggested but not available for checking:
'GO.db', 'GSEABase', 'org.Hs.eg.db', 'reactome.db'
Flavor: r-oldrel-macos-arm64
Version: 0.0.17
Check: package dependencies
Result: NOTE
Packages suggested but not available for checking:
'GO.db', 'org.Hs.eg.db', 'reactome.db'
Flavor: r-oldrel-macos-x86_64