CRAN Package Check Results for Package BaseSet

Last updated on 2021-09-27 11:49:41 CEST.

Flavor Version Tinstall Tcheck Ttotal Status Flags
r-devel-linux-x86_64-debian-clang 0.0.17 9.40 305.03 314.43 OK
r-devel-linux-x86_64-debian-gcc 0.0.17 7.56 218.26 225.82 OK
r-devel-linux-x86_64-fedora-clang 0.0.17 375.66 OK
r-devel-linux-x86_64-fedora-gcc 0.0.17 372.42 OK
r-devel-windows-x86_64 0.0.17 13.00 275.00 288.00 OK
r-devel-windows-x86_64-gcc10-UCRT 0.0.17 OK
r-patched-linux-x86_64 0.0.17 11.26 295.73 306.99 OK
r-patched-solaris-x86 0.0.17 482.20 OK
r-release-linux-x86_64 0.0.17 8.10 297.98 306.08 OK
r-release-macos-arm64 0.0.17 NOTE
r-release-macos-x86_64 0.0.17 NOTE
r-release-windows-ix86+x86_64 0.0.17 22.00 363.00 385.00 OK
r-oldrel-macos-x86_64 0.0.17 NOTE
r-oldrel-windows-ix86+x86_64 0.0.17 15.00 242.00 257.00 OK

Check Details

Version: 0.0.17
Check: package dependencies
Result: NOTE
    Packages suggested but not available for checking:
     'GO.db', 'GSEABase', 'org.Hs.eg.db', 'reactome.db'
Flavor: r-release-macos-arm64

Version: 0.0.17
Check: package dependencies
Result: NOTE
    Packages suggested but not available for checking:
     'GO.db', 'org.Hs.eg.db', 'reactome.db'
Flavor: r-release-macos-x86_64

Version: 0.0.17
Check: package dependencies
Result: NOTE
    Package suggested but not available for checking: ‘reactome.db’
Flavor: r-oldrel-macos-x86_64