CRAN Package Check Results for Package BasketballAnalyzeR

Last updated on 2020-08-03 14:48:19 CEST.

Flavor Version Tinstall Tcheck Ttotal Status Flags
r-devel-linux-x86_64-debian-clang 0.5.0 15.28 163.65 178.93 OK
r-devel-linux-x86_64-debian-gcc 0.5.0 12.79 117.14 129.93 OK
r-devel-linux-x86_64-fedora-clang 0.5.0 209.49 NOTE
r-devel-linux-x86_64-fedora-gcc 0.5.0 198.94 NOTE
r-devel-windows-ix86+x86_64 0.5.0 38.00 231.00 269.00 OK
r-patched-linux-x86_64 0.5.0 15.02 153.20 168.22 OK
r-patched-solaris-x86 0.5.0 286.60 NOTE
r-release-linux-x86_64 0.5.0 13.58 151.17 164.75 OK
r-release-macos-x86_64 0.5.0 NOTE
r-release-windows-ix86+x86_64 0.5.0 47.00 218.00 265.00 OK
r-oldrel-macos-x86_64 0.5.0 NOTE
r-oldrel-windows-ix86+x86_64 0.5.0 21.00 144.00 165.00 OK

Check Details

Version: 0.5.0
Check: package dependencies
Result: NOTE
    Imports includes 25 non-default packages.
    Importing from so many packages makes the package vulnerable to any of
    them becoming unavailable. Move as many as possible to Suggests and
    use conditionally.
Flavor: r-devel-linux-x86_64-fedora-clang

Version: 0.5.0
Check: dependencies in R code
Result: NOTE
    Namespaces in Imports field not imported from:
     ‘circlize’ ‘hexbin’ ‘scales’ ‘sna’
     All declared Imports should be used.
Flavors: r-devel-linux-x86_64-fedora-clang, r-devel-linux-x86_64-fedora-gcc, r-patched-solaris-x86, r-release-macos-x86_64, r-oldrel-macos-x86_64