CRAN Package Check Results for Package BasketballAnalyzeR

Last updated on 2020-11-30 18:51:10 CET.

Flavor Version Tinstall Tcheck Ttotal Status Flags
r-devel-linux-x86_64-debian-clang 0.5.0 21.11 164.83 185.94 OK
r-devel-linux-x86_64-debian-gcc 0.5.0 13.72 121.20 134.92 OK
r-devel-linux-x86_64-fedora-clang 0.5.0 219.57 NOTE
r-devel-linux-x86_64-fedora-gcc 0.5.0 207.95 NOTE
r-devel-windows-ix86+x86_64 0.5.0 29.00 193.00 222.00 OK
r-patched-linux-x86_64 0.5.0 14.69 152.17 166.86 OK
r-patched-solaris-x86 0.5.0 275.00 NOTE
r-release-linux-x86_64 0.5.0 14.08 152.90 166.98 OK
r-release-macos-x86_64 0.5.0 NOTE
r-release-windows-ix86+x86_64 0.5.0 21.00 139.00 160.00 OK
r-oldrel-macos-x86_64 0.5.0 NOTE
r-oldrel-windows-ix86+x86_64 0.5.0 37.00 199.00 236.00 OK

Check Details

Version: 0.5.0
Check: package dependencies
Result: NOTE
    Imports includes 25 non-default packages.
    Importing from so many packages makes the package vulnerable to any of
    them becoming unavailable. Move as many as possible to Suggests and
    use conditionally.
Flavor: r-devel-linux-x86_64-fedora-clang

Version: 0.5.0
Check: dependencies in R code
Result: NOTE
    Namespaces in Imports field not imported from:
     ‘circlize’ ‘hexbin’ ‘scales’ ‘sna’
     All declared Imports should be used.
Flavors: r-devel-linux-x86_64-fedora-clang, r-devel-linux-x86_64-fedora-gcc, r-patched-solaris-x86, r-release-macos-x86_64, r-oldrel-macos-x86_64