CRAN Package Check Results for Package BayesARIMAX

Last updated on 2022-12-04 13:51:19 CET.

Flavor Version Tinstall Tcheck Ttotal Status Flags
r-devel-linux-x86_64-debian-clang 0.1.1 7.62 69.13 76.75 NOTE
r-devel-linux-x86_64-debian-gcc 0.1.1 5.58 52.04 57.62 NOTE
r-devel-linux-x86_64-fedora-clang 0.1.1 107.53 NOTE
r-devel-linux-x86_64-fedora-gcc 0.1.1 101.20 NOTE
r-devel-windows-x86_64 0.1.1 13.00 89.00 102.00 NOTE
r-patched-linux-x86_64 0.1.1 5.91 64.62 70.53 NOTE
r-release-linux-x86_64 0.1.1 6.97 66.67 73.64 NOTE
r-release-macos-arm64 0.1.1 29.00 NOTE
r-release-macos-x86_64 0.1.1 42.00 NOTE
r-release-windows-x86_64 0.1.1 13.00 98.00 111.00 NOTE
r-oldrel-macos-arm64 0.1.1 38.00 NOTE
r-oldrel-macos-x86_64 0.1.1 53.00 NOTE
r-oldrel-windows-ix86+x86_64 0.1.1 19.00 89.00 108.00 NOTE

Check Details

Version: 0.1.1
Check: LazyData
Result: NOTE
     'LazyData' is specified without a 'data' directory
Flavors: r-devel-linux-x86_64-debian-clang, r-devel-linux-x86_64-debian-gcc, r-devel-linux-x86_64-fedora-clang, r-devel-linux-x86_64-fedora-gcc, r-devel-windows-x86_64, r-patched-linux-x86_64, r-release-linux-x86_64, r-release-macos-arm64, r-release-macos-x86_64, r-release-windows-x86_64, r-oldrel-macos-arm64, r-oldrel-macos-x86_64, r-oldrel-windows-ix86+x86_64