Last updated on 2023-09-27 09:02:07 CEST.
Flavor | Version | Tinstall | Tcheck | Ttotal | Status | Flags |
---|---|---|---|---|---|---|
r-devel-linux-x86_64-debian-clang | 0.0.3 | 201.45 | 60.23 | 261.68 | OK | |
r-devel-linux-x86_64-debian-gcc | 0.0.3 | 124.24 | 46.14 | 170.38 | OK | |
r-devel-linux-x86_64-fedora-clang | 0.0.3 | 354.24 | OK | |||
r-devel-linux-x86_64-fedora-gcc | 0.0.3 | 393.57 | OK | |||
r-devel-windows-x86_64 | 0.0.3 | 129.00 | 92.00 | 221.00 | OK | |
r-patched-linux-x86_64 | 0.0.3 | 182.04 | 58.59 | 240.63 | OK | |
r-release-linux-x86_64 | 0.0.3 | 183.76 | 58.81 | 242.57 | OK | |
r-release-macos-arm64 | 0.0.3 | 116.00 | NOTE | |||
r-release-macos-x86_64 | 0.0.3 | 105.00 | NOTE | |||
r-release-windows-x86_64 | 0.0.3 | 166.00 | 107.00 | 273.00 | OK | |
r-oldrel-macos-arm64 | 0.0.3 | 77.00 | NOTE | |||
r-oldrel-macos-x86_64 | 0.0.3 | 102.00 | NOTE | |||
r-oldrel-windows-x86_64 | 0.0.3 | 164.00 | 96.00 | 260.00 | OK |
Version: 0.0.3
Check: installed package size
Result: NOTE
installed size is 7.8Mb
sub-directories of 1Mb or more:
data 1.2Mb
libs 6.2Mb
Flavors: r-release-macos-arm64, r-release-macos-x86_64, r-oldrel-macos-arm64, r-oldrel-macos-x86_64