Last updated on 2023-01-28 12:56:06 CET.
Flavor | Version | Tinstall | Tcheck | Ttotal | Status | Flags |
---|---|---|---|---|---|---|
r-devel-linux-x86_64-debian-clang | 0.9.12-4.4 | 280.38 | 325.83 | 606.21 | OK | |
r-devel-linux-x86_64-debian-gcc | 0.9.12-4.4 | 224.70 | 241.90 | 466.60 | OK | |
r-devel-linux-x86_64-fedora-clang | 0.9.12-4.4 | 890.53 | OK | |||
r-devel-linux-x86_64-fedora-gcc | 0.9.12-4.4 | 761.34 | OK | |||
r-devel-windows-x86_64 | 0.9.12-4.4 | 332.00 | 376.00 | 708.00 | NOTE | |
r-patched-linux-x86_64 | 0.9.12-4.4 | 229.51 | 311.94 | 541.45 | OK | |
r-release-linux-x86_64 | 0.9.12-4.4 | 229.53 | 291.87 | 521.40 | OK | |
r-release-macos-arm64 | 0.9.12-4.4 | 183.00 | NOTE | |||
r-release-macos-x86_64 | 0.9.12-4.4 | 1324.00 | NOTE | |||
r-release-windows-x86_64 | 0.9.12-4.4 | 350.00 | 373.00 | 723.00 | NOTE | |
r-oldrel-macos-arm64 | 0.9.12-4.4 | 172.00 | NOTE | |||
r-oldrel-macos-x86_64 | 0.9.12-4.4 | 230.00 | NOTE | |||
r-oldrel-windows-ix86+x86_64 | 0.9.12-4.4 | 631.00 | 429.00 | 1060.00 | NOTE |
Version: 0.9.12-4.4
Check: package dependencies
Result: NOTE
Package suggested but not available for checking: 'doMC'
Flavors: r-devel-windows-x86_64, r-release-windows-x86_64, r-oldrel-windows-ix86+x86_64
Version: 0.9.12-4.4
Check: installed package size
Result: NOTE
installed size is 16.3Mb
sub-directories of 1Mb or more:
doc 1.4Mb
libs 13.7Mb
Flavors: r-release-macos-arm64, r-release-macos-x86_64, r-oldrel-macos-arm64, r-oldrel-macos-x86_64, r-oldrel-windows-ix86+x86_64