CRAN Package Check Results for Package BayesGmed

Last updated on 2024-02-24 19:50:33 CET.

Flavor Version Tinstall Tcheck Ttotal Status Flags
r-devel-linux-x86_64-debian-clang 0.0.3 1072.97 238.28 1311.25 NOTE
r-devel-linux-x86_64-debian-gcc 0.0.3 942.44 230.13 1172.57 NOTE
r-devel-linux-x86_64-fedora-clang 0.0.3 1543.38 NOTE
r-devel-linux-x86_64-fedora-gcc 0.0.3 2126.52 NOTE
r-devel-windows-x86_64 0.0.3 770.00 265.00 1035.00 NOTE
r-patched-linux-x86_64 0.0.3 804.75 294.15 1098.90 NOTE
r-release-linux-x86_64 0.0.3 820.57 301.20 1121.77 NOTE
r-release-macos-arm64 0.0.3 440.00 NOTE
r-release-macos-x86_64 0.0.3 426.00 NOTE
r-release-windows-x86_64 0.0.3 978.00 325.00 1303.00 NOTE
r-oldrel-macos-arm64 0.0.3 414.00 NOTE
r-oldrel-windows-x86_64 0.0.3 924.00 308.00 1232.00 NOTE

Check Details

Version: 0.0.3
Check: for GNU extensions in Makefiles
Result: NOTE GNU make is a SystemRequirements. Flavors: r-devel-linux-x86_64-debian-clang, r-devel-linux-x86_64-debian-gcc, r-devel-linux-x86_64-fedora-clang, r-devel-linux-x86_64-fedora-gcc, r-devel-windows-x86_64, r-patched-linux-x86_64, r-release-linux-x86_64, r-release-macos-arm64, r-release-macos-x86_64, r-release-windows-x86_64, r-oldrel-macos-arm64, r-oldrel-windows-x86_64

Version: 0.0.3
Check: installed package size
Result: NOTE installed size is 9.7Mb sub-directories of 1Mb or more: libs 9.2Mb Flavors: r-devel-linux-x86_64-fedora-clang, r-devel-windows-x86_64, r-release-macos-arm64, r-release-macos-x86_64, r-release-windows-x86_64, r-oldrel-macos-arm64, r-oldrel-windows-x86_64

Version: 0.0.3
Check: dependencies in R code
Result: NOTE Namespaces in Imports field not imported from: ‘RcppParallel’ ‘rstantools’ All declared Imports should be used. Flavors: r-devel-linux-x86_64-fedora-clang, r-devel-linux-x86_64-fedora-gcc