CRAN Package Check Results for Package BayesLN

Last updated on 2020-08-05 21:48:49 CEST.

Flavor Version Tinstall Tcheck Ttotal Status Flags
r-devel-linux-x86_64-debian-clang 0.1.2 92.05 189.22 281.27 OK
r-devel-linux-x86_64-debian-gcc 0.1.2 65.97 153.11 219.08 OK
r-devel-linux-x86_64-fedora-clang 0.1.2 365.36 NOTE
r-devel-linux-x86_64-fedora-gcc 0.1.2 347.20 OK
r-devel-windows-ix86+x86_64 0.1.2 221.00 259.00 480.00 OK
r-patched-linux-x86_64 0.1.2 70.82 186.06 256.88 OK
r-patched-solaris-x86 0.1.2 497.90 OK
r-release-linux-x86_64 0.1.2 68.16 190.62 258.78 OK
r-release-macos-x86_64 0.1.2 OK
r-release-windows-ix86+x86_64 0.1.2 218.00 286.00 504.00 OK
r-oldrel-macos-x86_64 0.1.2 OK
r-oldrel-windows-ix86+x86_64 0.1.2 141.00 178.00 319.00 OK

Check Details

Version: 0.1.2
Check: installed package size
Result: NOTE
     installed size is 5.3Mb
     sub-directories of 1Mb or more:
     libs 5.0Mb
Flavor: r-devel-linux-x86_64-fedora-clang