CRAN Package Check Results for Package BayesMFSurv

Last updated on 2020-12-05 21:47:45 CET.

Flavor Version Tinstall Tcheck Ttotal Status Flags
r-devel-linux-x86_64-debian-clang 0.1.0 38.64 85.43 124.07 OK
r-devel-linux-x86_64-debian-gcc 0.1.0 25.16 65.41 90.57 OK
r-devel-linux-x86_64-fedora-clang 0.1.0 169.03 NOTE
r-devel-linux-x86_64-fedora-gcc 0.1.0 150.59 NOTE
r-devel-windows-ix86+x86_64 0.1.0 87.00 154.00 241.00 OK
r-patched-linux-x86_64 0.1.0 33.94 80.21 114.15 OK
r-patched-solaris-x86 0.1.0 196.00 NOTE
r-release-linux-x86_64 0.1.0 32.18 82.03 114.21 OK
r-release-macos-x86_64 0.1.0 NOTE
r-release-windows-ix86+x86_64 0.1.0 68.00 129.00 197.00 OK
r-oldrel-macos-x86_64 0.1.0 NOTE
r-oldrel-windows-ix86+x86_64 0.1.0 76.00 153.00 229.00 OK

Check Details

Version: 0.1.0
Check: dependencies in R code
Result: NOTE
    Namespace in Imports field not imported from: ‘FastGP’
     All declared Imports should be used.
Flavors: r-devel-linux-x86_64-fedora-clang, r-devel-linux-x86_64-fedora-gcc, r-patched-solaris-x86, r-release-macos-x86_64, r-oldrel-macos-x86_64