Last updated on 2023-11-28 23:04:27 CET.
Flavor | Version | Tinstall | Tcheck | Ttotal | Status | Flags |
---|---|---|---|---|---|---|
r-devel-linux-x86_64-debian-clang | 1.5.0 | 420.17 | 204.18 | 624.35 | OK | |
r-devel-linux-x86_64-debian-gcc | 1.5.0 | 296.58 | 149.74 | 446.32 | OK | |
r-devel-linux-x86_64-fedora-clang | 1.5.0 | 952.39 | OK | |||
r-devel-linux-x86_64-fedora-gcc | 1.5.0 | 812.99 | OK | |||
r-devel-windows-x86_64 | 1.5.0 | 268.00 | 230.00 | 498.00 | OK | |
r-patched-linux-x86_64 | 1.4.0 | 288.30 | 157.82 | 446.12 | OK | |
r-release-linux-x86_64 | 1.5.0 | 330.93 | 189.99 | 520.92 | OK | |
r-release-macos-arm64 | 1.5.0 | 187.00 | NOTE | |||
r-release-macos-x86_64 | 1.5.0 | 269.00 | NOTE | |||
r-release-windows-x86_64 | 1.5.0 | 430.00 | 265.00 | 695.00 | OK | |
r-oldrel-macos-arm64 | 1.5.0 | 176.00 | NOTE | |||
r-oldrel-macos-x86_64 | 1.4.0 | 242.00 | NOTE | |||
r-oldrel-windows-x86_64 | 1.5.0 | 261.00 | 215.00 | 476.00 | OK |
Version: 1.5.0
Check: installed package size
Result: NOTE
installed size is 16.1Mb
sub-directories of 1Mb or more:
libs 14.4Mb
Flavors: r-release-macos-arm64, r-release-macos-x86_64, r-oldrel-macos-arm64
Version: 1.4.0
Check: installed package size
Result: NOTE
installed size is 15.3Mb
sub-directories of 1Mb or more:
libs 14.2Mb
Flavor: r-oldrel-macos-x86_64