CRAN Package Check Results for Package BayesNetBP

Last updated on 2019-05-22 18:51:34 CEST.

Flavor Version Tinstall Tcheck Ttotal Status Flags
r-devel-linux-x86_64-debian-clang 1.4.0 21.77 167.14 188.91 OK
r-devel-linux-x86_64-debian-gcc 1.4.0 18.22 128.67 146.89 OK
r-devel-linux-x86_64-fedora-clang 1.4.0 215.76 OK
r-devel-linux-x86_64-fedora-gcc 1.4.0 200.52 OK
r-devel-windows-ix86+x86_64 1.4.0 31.00 252.00 283.00 OK
r-patched-linux-x86_64 1.4.0 18.74 162.94 181.68 OK
r-patched-solaris-x86 1.4.0 303.20 OK
r-release-linux-x86_64 1.4.0 19.58 163.07 182.65 OK
r-release-windows-ix86+x86_64 1.4.0 49.00 173.00 222.00 OK
r-release-osx-x86_64 1.4.0 ERROR
r-oldrel-windows-ix86+x86_64 1.4.0 24.00 140.00 164.00 OK
r-oldrel-osx-x86_64 1.4.0 OK

Check Details

Version: 1.4.0
Check: package dependencies
Result: ERROR
    Packages required but not available: 'Rgraphviz', 'qtlnet', 'graph'
    
    See section ‘The DESCRIPTION file’ in the ‘Writing R Extensions’
    manual.
Flavor: r-release-osx-x86_64