CRAN Package Check Results for Package BayesPieceHazSelect

Last updated on 2022-09-25 12:55:52 CEST.

Flavor Version Tinstall Tcheck Ttotal Status Flags
r-devel-linux-x86_64-debian-clang 1.1.0 9.81 52.94 62.75 NOTE
r-devel-linux-x86_64-debian-gcc 1.1.0 7.48 38.77 46.25 NOTE
r-devel-linux-x86_64-fedora-clang 1.1.0 86.85 NOTE
r-devel-linux-x86_64-fedora-gcc 1.1.0 91.57 NOTE
r-devel-windows-x86_64 1.1.0 44.00 76.00 120.00 NOTE
r-patched-linux-x86_64 1.1.0 9.30 50.66 59.96 NOTE
r-release-linux-x86_64 1.1.0 9.20 50.69 59.89 NOTE
r-release-macos-arm64 1.1.0 23.00 NOTE
r-release-macos-x86_64 1.1.0 33.00 NOTE
r-release-windows-x86_64 1.1.0 12.00 75.00 87.00 NOTE
r-oldrel-macos-arm64 1.1.0 69.00 NOTE
r-oldrel-macos-x86_64 1.1.0 119.00 NOTE
r-oldrel-windows-ix86+x86_64 1.1.0 12.00 63.00 75.00 NOTE

Check Details

Version: 1.1.0
Check: LazyData
Result: NOTE
     'LazyData' is specified without a 'data' directory
Flavors: r-devel-linux-x86_64-debian-clang, r-devel-linux-x86_64-debian-gcc, r-devel-linux-x86_64-fedora-clang, r-devel-linux-x86_64-fedora-gcc, r-devel-windows-x86_64, r-patched-linux-x86_64, r-release-linux-x86_64, r-release-macos-arm64, r-release-macos-x86_64, r-release-windows-x86_64, r-oldrel-macos-arm64, r-oldrel-macos-x86_64, r-oldrel-windows-ix86+x86_64