Last updated on 2022-06-26 03:49:55 CEST.
Flavor | Version | Tinstall | Tcheck | Ttotal | Status | Flags |
---|---|---|---|---|---|---|
r-devel-linux-x86_64-debian-clang | 1.1.0 | 10.50 | 53.00 | 63.50 | NOTE | |
r-devel-linux-x86_64-debian-gcc | 1.1.0 | 7.57 | 38.49 | 46.06 | NOTE | |
r-devel-linux-x86_64-fedora-clang | 1.1.0 | 84.76 | NOTE | |||
r-devel-linux-x86_64-fedora-gcc | 1.1.0 | 85.46 | NOTE | |||
r-devel-windows-x86_64 | 1.1.0 | 25.00 | 126.00 | 151.00 | NOTE | |
r-patched-linux-x86_64 | 1.1.0 | 9.75 | 50.37 | 60.12 | NOTE | |
r-release-linux-x86_64 | 1.1.0 | 8.98 | 49.59 | 58.57 | NOTE | |
r-release-macos-arm64 | 1.1.0 | 23.00 | NOTE | |||
r-release-macos-x86_64 | 1.1.0 | 33.00 | NOTE | |||
r-release-windows-x86_64 | 1.1.0 | 12.00 | 75.00 | 87.00 | NOTE | |
r-oldrel-macos-arm64 | 1.1.0 | 69.00 | NOTE | |||
r-oldrel-macos-x86_64 | 1.1.0 | 119.00 | NOTE | |||
r-oldrel-windows-ix86+x86_64 | 1.1.0 | 12.00 | 63.00 | 75.00 | NOTE |
Version: 1.1.0
Check: LazyData
Result: NOTE
'LazyData' is specified without a 'data' directory
Flavors: r-devel-linux-x86_64-debian-clang, r-devel-linux-x86_64-debian-gcc, r-devel-linux-x86_64-fedora-clang, r-devel-linux-x86_64-fedora-gcc, r-devel-windows-x86_64, r-patched-linux-x86_64, r-release-linux-x86_64, r-release-macos-arm64, r-release-macos-x86_64, r-release-windows-x86_64, r-oldrel-macos-arm64, r-oldrel-macos-x86_64, r-oldrel-windows-ix86+x86_64