CRAN Package Check Results for Package BayesPostEst

Last updated on 2020-02-18 00:51:59 CET.

Flavor Version Tinstall Tcheck Ttotal Status Flags
r-devel-linux-x86_64-debian-clang 0.2.0 8.69 106.84 115.53 WARN
r-devel-linux-x86_64-debian-gcc 0.2.0 7.07 239.94 247.01 OK
r-devel-linux-x86_64-fedora-clang 0.2.0 413.31 NOTE
r-devel-linux-x86_64-fedora-gcc 0.2.0 394.03 NOTE
r-devel-windows-ix86+x86_64 0.2.0 19.00 290.00 309.00 OK
r-devel-windows-ix86+x86_64-gcc8 0.2.0 30.00 404.00 434.00 OK
r-patched-linux-x86_64 0.2.0 7.12 291.13 298.25 OK
r-patched-solaris-x86 0.2.0 461.50 NOTE
r-release-linux-x86_64 0.2.0 6.59 288.64 295.23 OK
r-release-windows-ix86+x86_64 0.2.0 17.00 280.00 297.00 OK
r-release-osx-x86_64 0.2.0 NOTE
r-oldrel-windows-ix86+x86_64 0.2.0 9.00 275.00 284.00 OK
r-oldrel-osx-x86_64 0.2.0 WARN

Check Details

Version: 0.2.0
Check: package dependencies
Result: NOTE
    Package suggested but not available for checking: 'MCMCpack'
Flavor: r-devel-linux-x86_64-debian-clang

Version: 0.2.0
Check: re-building of vignette outputs
Result: WARN
    Error(s) in re-building vignettes:
     ...
    --- re-building 'getting_started.Rmd' using rmarkdown
    Loading required package: rjags
    Loading required package: coda
    Linked to JAGS 4.3.0
    Loaded modules: basemod,bugs
    
    Attaching package: 'R2jags'
    
    The following object is masked from 'package:coda':
    
     traceplot
    
    module glm loaded
    Quitting from lines 162-166 (getting_started.Rmd)
    Error: processing vignette 'getting_started.Rmd' failed with diagnostics:
    there is no package called 'MCMCpack'
    --- failed re-building 'getting_started.Rmd'
    
    SUMMARY: processing the following file failed:
     'getting_started.Rmd'
    
    Error: Vignette re-building failed.
    Execution halted
Flavor: r-devel-linux-x86_64-debian-clang

Version: 0.2.0
Check: dependencies in R code
Result: NOTE
    Namespaces in Imports field not imported from:
     ‘HDInterval’ ‘carData’ ‘runjags’
     All declared Imports should be used.
Flavors: r-devel-linux-x86_64-fedora-clang, r-devel-linux-x86_64-fedora-gcc, r-patched-solaris-x86, r-release-osx-x86_64, r-oldrel-osx-x86_64

Version: 0.2.0
Check: re-building of vignette outputs
Result: WARN
    Error in re-building vignettes:
     ...
    Loading required package: StanHeaders
    Loading required package: ggplot2
    rstan (Version 2.19.2, GitRev: 2e1f913d3ca3)
    For execution on a local, multicore CPU with excess RAM we recommend calling
    options(mc.cores = parallel::detectCores()).
    To avoid recompilation of unchanged Stan programs, we recommend calling
    rstan_options(auto_write = TRUE)
    
    Attaching package: 'rstan'
    
    The following object is masked from 'package:R2jags':
    
     traceplot
    
    The following object is masked from 'package:coda':
    
     traceplot
    
    Quitting from lines 205-211 (getting_started.Rmd)
    Error: processing vignette 'getting_started.Rmd' failed with diagnostics:
    unable to load shared object '/tmp/Rtmp6wMLDg/filee19e339cc254.so':
     dlopen(/tmp/Rtmp6wMLDg/filee19e339cc254.so, 6): Library not loaded: /Library/Frameworks/R.framework/Versions/3.6/Resources/lib/libR.dylib
     Referenced from: /tmp/Rtmp6wMLDg/filee19e339cc254.so
     Reason: Incompatible library version: filee19e339cc254.so requires version 3.6.0 or later, but libR.dylib provides version 3.5.0
    Execution halted
Flavor: r-oldrel-osx-x86_64