CRAN Package Check Results for Package BayesPostEst

Last updated on 2019-09-18 11:48:49 CEST.

Flavor Version Tinstall Tcheck Ttotal Status Flags
r-devel-linux-x86_64-debian-clang 0.0.1 6.19 378.15 384.34 OK
r-devel-linux-x86_64-debian-gcc 0.0.1 4.60 288.24 292.84 OK
r-devel-linux-x86_64-fedora-clang 0.0.1 500.97 NOTE
r-devel-linux-x86_64-fedora-gcc 0.0.1 469.57 NOTE
r-devel-windows-ix86+x86_64 0.0.1 23.00 456.00 479.00 OK
r-patched-linux-x86_64 0.0.1 5.36 364.30 369.66 OK
r-patched-solaris-x86 0.0.1 536.30 NOTE
r-release-linux-x86_64 0.0.1 5.36 372.09 377.45 OK
r-release-windows-ix86+x86_64 0.0.1 12.00 348.00 360.00 OK
r-release-osx-x86_64 0.0.1 NOTE
r-oldrel-windows-ix86+x86_64 0.0.1 8.00 351.00 359.00 OK
r-oldrel-osx-x86_64 0.0.1 NOTE

Check Details

Version: 0.0.1
Check: dependencies in R code
Result: NOTE
    Namespace in Imports field not imported from: ‘carData’
     All declared Imports should be used.
Flavors: r-devel-linux-x86_64-fedora-clang, r-devel-linux-x86_64-fedora-gcc, r-patched-solaris-x86, r-release-osx-x86_64, r-oldrel-osx-x86_64