CRAN Package Check Results for Package BayesRGMM

Last updated on 2021-09-19 13:48:55 CEST.

Flavor Version Tinstall Tcheck Ttotal Status Flags
r-devel-linux-x86_64-debian-clang 1.1 116.17 112.42 228.59 OK
r-devel-linux-x86_64-debian-gcc 1.1 83.24 84.66 167.90 OK
r-devel-linux-x86_64-fedora-clang 1.1 305.06 NOTE
r-devel-linux-x86_64-fedora-gcc 1.1 280.94 OK
r-devel-windows-x86_64 1.1 93.00 109.00 202.00 OK
r-devel-windows-x86_64-gcc10-UCRT 1.1 ERROR
r-patched-linux-x86_64 1.1 97.86 109.24 207.10 OK
r-patched-solaris-x86 1.1 305.00 OK
r-release-linux-x86_64 1.1 99.06 105.37 204.43 OK
r-release-macos-arm64 1.1 NOTE
r-release-macos-x86_64 1.1 NOTE
r-release-windows-ix86+x86_64 1.1 258.00 203.00 461.00 OK
r-oldrel-macos-x86_64 1.1 NOTE
r-oldrel-windows-ix86+x86_64 1.1 252.00 159.00 411.00 OK

Check Details

Version: 1.1
Check: installed package size
Result: NOTE
     installed size is 6.6Mb
     sub-directories of 1Mb or more:
     libs 6.2Mb
Flavors: r-devel-linux-x86_64-fedora-clang, r-release-macos-arm64, r-release-macos-x86_64, r-oldrel-macos-x86_64

Version: 1.1
Check: whether package can be installed
Result: ERROR
    Installation failed.
Flavor: r-devel-windows-x86_64-gcc10-UCRT