Last updated on 2022-08-09 08:50:51 CEST.
Flavor | Version | Tinstall | Tcheck | Ttotal | Status | Flags |
---|---|---|---|---|---|---|
r-devel-linux-x86_64-debian-clang | 1.4 | 45.47 | 31.30 | 76.77 | WARN | |
r-devel-linux-x86_64-debian-gcc | 1.4 | 30.83 | 24.40 | 55.23 | OK | |
r-devel-linux-x86_64-fedora-clang | 1.4 | 122.16 | WARN | |||
r-devel-linux-x86_64-fedora-gcc | 1.4 | 106.91 | OK | |||
r-devel-windows-x86_64 | 1.4 | 54.00 | 82.00 | 136.00 | OK | |
r-patched-linux-x86_64 | 1.4 | 40.69 | 30.44 | 71.13 | OK | |
r-release-linux-x86_64 | 1.4 | OK | ||||
r-release-macos-arm64 | 1.4 | 30.00 | OK | |||
r-release-macos-x86_64 | 1.4 | 41.00 | OK | |||
r-release-windows-x86_64 | 1.4 | 49.00 | 81.00 | 130.00 | OK | |
r-oldrel-macos-arm64 | 1.4 | 67.00 | OK | |||
r-oldrel-macos-x86_64 | 1.4 | 62.00 | OK | |||
r-oldrel-windows-ix86+x86_64 | 1.4 | 100.00 | 92.00 | 192.00 | OK |
Version: 1.4
Check: whether package can be installed
Result: WARN
Found the following significant warnings:
BayesReversePLLH.cpp:439:10: warning: use of bitwise '&' with boolean operands [-Wbitwise-instead-of-logical]
BayesReversePLLH.cpp:1129:10: warning: use of bitwise '&' with boolean operands [-Wbitwise-instead-of-logical]
BayesReversePLLH.cpp:1172:10: warning: use of bitwise '&' with boolean operands [-Wbitwise-instead-of-logical]
BayesReversePLLH.cpp:3029:10: warning: use of bitwise '&' with boolean operands [-Wbitwise-instead-of-logical]
Flavors: r-devel-linux-x86_64-debian-clang, r-devel-linux-x86_64-fedora-clang